CRAN Package Check Results for Package ccid

Last updated on 2021-05-09 07:47:45 CEST.

Flavor Version Tinstall Tcheck Ttotal Status Flags
r-devel-linux-x86_64-debian-clang 1.0.0 3.46 155.32 158.78 NOTE
r-devel-linux-x86_64-debian-gcc 1.0.0 2.90 100.44 103.34 NOTE
r-devel-linux-x86_64-fedora-clang 1.0.0 192.35 NOTE
r-devel-linux-x86_64-fedora-gcc 1.0.0 181.68 NOTE
r-devel-windows-ix86+x86_64 1.0.0 6.00 177.00 183.00 NOTE
r-devel-windows-x86_64-gcc10-UCRT 1.0.0 NOTE
r-patched-linux-x86_64 1.0.0 3.15 147.42 150.57 NOTE
r-patched-solaris-x86 1.0.0 288.50 NOTE
r-release-linux-x86_64 1.0.0 3.73 147.10 150.83 OK
r-release-macos-x86_64 1.0.0 NOTE
r-release-windows-ix86+x86_64 1.0.0 5.00 146.00 151.00 OK
r-oldrel-macos-x86_64 1.0.0 NOTE
r-oldrel-windows-ix86+x86_64 1.0.0 5.00 185.00 190.00 OK

Check Details

Version: 1.0.0
Check: LazyData
Result: NOTE
     'LazyData' is specified without a 'data' directory
Flavors: r-devel-linux-x86_64-debian-clang, r-devel-linux-x86_64-debian-gcc, r-devel-linux-x86_64-fedora-clang, r-devel-linux-x86_64-fedora-gcc, r-devel-windows-ix86+x86_64, r-devel-windows-x86_64-gcc10-UCRT, r-patched-linux-x86_64

Version: 1.0.0
Check: dependencies in R code
Result: NOTE
    Namespace in Imports field not imported from: ‘GeneNet’
     All declared Imports should be used.
Flavors: r-devel-linux-x86_64-fedora-clang, r-devel-linux-x86_64-fedora-gcc, r-devel-windows-x86_64-gcc10-UCRT, r-patched-solaris-x86, r-release-macos-x86_64, r-oldrel-macos-x86_64