CRAN Package Check Results for Package ccoptimalmatch

Last updated on 2024-03-04 18:54:54 CET.

Flavor Version Tinstall Tcheck Ttotal Status Flags
r-devel-linux-x86_64-debian-clang 0.1.0 6.30 65.96 72.26 NOTE
r-devel-linux-x86_64-debian-gcc 0.1.0 4.56 48.96 53.52 NOTE
r-devel-linux-x86_64-fedora-clang 0.1.0 87.73 NOTE
r-devel-linux-x86_64-fedora-gcc 0.1.0 95.87 NOTE
r-devel-windows-x86_64 0.1.0 6.00 66.00 72.00 NOTE
r-patched-linux-x86_64 0.1.0 5.36 63.31 68.67 OK
r-release-linux-x86_64 0.1.0 6.23 63.93 70.16 OK
r-release-macos-arm64 0.1.0 41.00 OK
r-release-macos-x86_64 0.1.0 62.00 OK
r-release-windows-x86_64 0.1.0 10.00 83.00 93.00 OK
r-oldrel-macos-arm64 0.1.0 31.00 OK
r-oldrel-windows-x86_64 0.1.0 8.00 81.00 89.00 OK

Check Details

Version: 0.1.0
Check: Rd files
Result: NOTE checkRd: (-1) being_processed.Rd:19: Lost braces; missing escapes or markup? 19 | \item {cluster_case}: {each case forms a cluster with all poosible controls to be matched} | ^ checkRd: (-1) being_processed.Rd:20: Lost braces; missing escapes or markup? 20 | \item {Patient_Id}: {Unique identifier for each patient} | ^ checkRd: (-1) being_processed.Rd:21: Lost braces; missing escapes or markup? 21 | \item {case_control}: {binary, if case==Colorectal Cancer, else control} | ^ checkRd: (-1) being_processed.Rd:22: Lost braces; missing escapes or markup? 22 | \item {case_ind}: {binary, if 1==case, else control} | ^ checkRd: (-1) being_processed.Rd:23: Lost braces; missing escapes or markup? 23 | \item {JCG}: {Year of Contact} | ^ checkRd: (-1) being_processed.Rd:24: Lost braces; missing escapes or markup? 24 | \item {entry_year}: {the year that the patient first entrered the database} | ^ checkRd: (-1) being_processed.Rd:25: Lost braces; missing escapes or markup? 25 | \item {CI}: {Comorbidity Index. Count of chronic diseases before index data} | ^ checkRd: (-1) being_processed.Rd:26: Lost braces; missing escapes or markup? 26 | \item {age_diff}: {difference of age between cases and controls} | ^ checkRd: (-1) being_processed.Rd:27: Lost braces; missing escapes or markup? 27 | \item {fup_diff}: {difference of follow-up between cases and controls} | ^ checkRd: (-1) being_processed.Rd:28: Lost braces; missing escapes or markup? 28 | \item {total_control_per_case}: {total controls that are available to be pooled per case} | ^ checkRd: (-1) being_processed.Rd:29: Lost braces; missing escapes or markup? 29 | \item {freq_of_controls}: {how many times the control is available to be matched for different cases} | ^ checkRd: (-1) not_processed.Rd:19: Lost braces; missing escapes or markup? 19 | \item {Patient_Id}: {Unique identifier for each patient} | ^ checkRd: (-1) not_processed.Rd:20: Lost braces; missing escapes or markup? 20 | \item {JCG}: {Year of Contact} | ^ checkRd: (-1) not_processed.Rd:21: Lost braces; missing escapes or markup? 21 | \item {Birth_Year}: {Patient's year of birth} | ^ checkRd: (-1) not_processed.Rd:22: Lost braces; missing escapes or markup? 22 | \item {Gender}: {Patient's Gender} | ^ checkRd: (-1) not_processed.Rd:23: Lost braces; missing escapes or markup? 23 | \item {Practice_Id}: {Patient's general practice} | ^ checkRd: (-1) not_processed.Rd:24: Lost braces; missing escapes or markup? 24 | \item {case_control}: {binary, if case==Colorectal Cancer, else control} | ^ checkRd: (-1) not_processed.Rd:25: Lost braces; missing escapes or markup? 25 | \item {entry_year}: {the year that the patient first entrered the database} | ^ checkRd: (-1) not_processed.Rd:26: Lost braces; missing escapes or markup? 26 | \item {fup_diff}: {difference of follow-up between cases and controls} | ^ checkRd: (-1) not_processed.Rd:27: Lost braces; missing escapes or markup? 27 | \item {CI}: {Comorbidity Index. Count of chronic diseases before index data} | ^ Flavors: r-devel-linux-x86_64-debian-clang, r-devel-linux-x86_64-debian-gcc, r-devel-linux-x86_64-fedora-clang, r-devel-linux-x86_64-fedora-gcc, r-devel-windows-x86_64