CRAN Package Check Results for Package ccrs

Last updated on 2019-07-20 11:47:17 CEST.

Flavor Version Tinstall Tcheck Ttotal Status Flags
r-devel-linux-x86_64-debian-clang 0.1.0 10.65 78.39 89.04 OK
r-devel-linux-x86_64-debian-gcc 0.1.0 9.23 63.48 72.71 OK
r-devel-linux-x86_64-fedora-clang 0.1.0 106.66 NOTE
r-devel-linux-x86_64-fedora-gcc 0.1.0 111.54 NOTE
r-devel-windows-ix86+x86_64 0.1.0 32.00 94.00 126.00 OK
r-patched-linux-x86_64 0.1.0 11.14 77.81 88.95 OK
r-patched-solaris-x86 0.1.0 178.60 NOTE
r-release-linux-x86_64 0.1.0 11.17 78.13 89.30 OK
r-release-windows-ix86+x86_64 0.1.0 21.00 91.00 112.00 OK
r-release-osx-x86_64 0.1.0 NOTE
r-oldrel-windows-ix86+x86_64 0.1.0 13.00 122.00 135.00 OK
r-oldrel-osx-x86_64 0.1.0 NOTE

Check Details

Version: 0.1.0
Check: dependencies in R code
Result: NOTE
    Namespace in Imports field not imported from: ‘methods’
     All declared Imports should be used.
Flavors: r-devel-linux-x86_64-fedora-clang, r-devel-linux-x86_64-fedora-gcc, r-patched-solaris-x86, r-release-osx-x86_64, r-oldrel-osx-x86_64