CRAN Package Check Results for Package ccrs

Last updated on 2020-11-24 15:52:04 CET.

Flavor Version Tinstall Tcheck Ttotal Status Flags
r-devel-linux-x86_64-debian-clang 0.1.0 14.63 95.69 110.32 OK
r-devel-linux-x86_64-debian-gcc 0.1.0 11.15 73.66 84.81 OK
r-devel-linux-x86_64-fedora-clang 0.1.0 137.77 NOTE
r-devel-linux-x86_64-fedora-gcc 0.1.0 128.25 NOTE
r-devel-windows-ix86+x86_64 0.1.0 28.00 119.00 147.00 OK
r-patched-linux-x86_64 0.1.0 12.76 89.48 102.24 OK
r-patched-solaris-x86 0.1.0 193.40 NOTE
r-release-linux-x86_64 0.1.0 11.37 90.64 102.01 OK
r-release-macos-x86_64 0.1.0 NOTE
r-release-windows-ix86+x86_64 0.1.0 21.00 84.00 105.00 OK
r-oldrel-macos-x86_64 0.1.0 NOTE
r-oldrel-windows-ix86+x86_64 0.1.0 16.00 96.00 112.00 OK

Check Details

Version: 0.1.0
Check: dependencies in R code
Result: NOTE
    Namespace in Imports field not imported from: ‘methods’
     All declared Imports should be used.
Flavors: r-devel-linux-x86_64-fedora-clang, r-devel-linux-x86_64-fedora-gcc, r-patched-solaris-x86, r-release-macos-x86_64, r-oldrel-macos-x86_64