CRAN Package Check Results for Package ccrs

Last updated on 2023-12-03 04:56:01 CET.

Flavor Version Tinstall Tcheck Ttotal Status Flags
r-devel-linux-x86_64-debian-clang 0.1.0 14.96 110.30 125.26 OK
r-devel-linux-x86_64-debian-gcc 0.1.0 10.99 81.91 92.90 OK
r-devel-linux-x86_64-fedora-clang 0.1.0 155.19 NOTE
r-devel-linux-x86_64-fedora-gcc 0.1.0 147.72 NOTE
r-devel-windows-x86_64 0.1.0 13.00 92.00 105.00 OK
r-patched-linux-x86_64 0.1.0 8.56 104.87 113.43 OK
r-release-linux-x86_64 0.1.0 12.82 105.78 118.60 OK
r-release-macos-arm64 0.1.0 43.00 OK
r-release-macos-x86_64 0.1.0 78.00 OK
r-release-windows-x86_64 0.1.0 16.00 119.00 135.00 OK
r-oldrel-macos-arm64 0.1.0 41.00 NOTE
r-oldrel-macos-x86_64 0.1.0 93.00 NOTE
r-oldrel-windows-x86_64 0.1.0 17.00 117.00 134.00 OK

Check Details

Version: 0.1.0
Check: dependencies in R code
Result: NOTE Namespace in Imports field not imported from: ‘methods’ All declared Imports should be used. Flavors: r-devel-linux-x86_64-fedora-clang, r-devel-linux-x86_64-fedora-gcc, r-oldrel-macos-arm64, r-oldrel-macos-x86_64