CRAN Package Check Results for Package ccrs

Last updated on 2019-10-24 03:58:27 CEST.

Flavor Version Tinstall Tcheck Ttotal Status Flags
r-devel-linux-x86_64-debian-clang 0.1.0 10.45 78.01 88.46 OK
r-devel-linux-x86_64-debian-gcc 0.1.0 8.08 62.35 70.43 OK
r-devel-linux-x86_64-fedora-clang 0.1.0 106.45 NOTE
r-devel-linux-x86_64-fedora-gcc 0.1.0 106.21 NOTE
r-devel-windows-ix86+x86_64 0.1.0 24.00 92.00 116.00 OK
r-patched-linux-x86_64 0.1.0 9.50 76.61 86.11 OK
r-patched-solaris-x86 0.1.0 173.00 NOTE
r-release-linux-x86_64 0.1.0 9.64 77.46 87.10 OK
r-release-windows-ix86+x86_64 0.1.0 31.00 129.00 160.00 OK
r-release-osx-x86_64 0.1.0 NOTE
r-oldrel-windows-ix86+x86_64 0.1.0 18.00 138.00 156.00 OK
r-oldrel-osx-x86_64 0.1.0 NOTE

Check Details

Version: 0.1.0
Check: dependencies in R code
Result: NOTE
    Namespace in Imports field not imported from: ‘methods’
     All declared Imports should be used.
Flavors: r-devel-linux-x86_64-fedora-clang, r-devel-linux-x86_64-fedora-gcc, r-patched-solaris-x86, r-release-osx-x86_64, r-oldrel-osx-x86_64