CRAN Package Check Results for Package cdcatR

Last updated on 2022-12-08 10:01:58 CET.

Flavor Version Tinstall Tcheck Ttotal Status Flags
r-devel-linux-x86_64-debian-clang 1.0.6 5.91 50.64 56.55 NOTE
r-devel-linux-x86_64-debian-gcc 1.0.6 5.29 47.04 52.33 NOTE
r-devel-linux-x86_64-fedora-clang 1.0.6 83.11 NOTE
r-devel-linux-x86_64-fedora-gcc 1.0.6 79.79 NOTE
r-devel-windows-x86_64 1.0.6 16.00 105.00 121.00 NOTE
r-patched-linux-x86_64 1.0.6 5.78 48.13 53.91 OK
r-release-linux-x86_64 1.0.6 4.70 48.69 53.39 OK
r-release-macos-arm64 1.0.6 25.00 OK
r-release-macos-x86_64 1.0.6 32.00 OK
r-release-windows-x86_64 1.0.6 15.00 76.00 91.00 OK
r-oldrel-macos-arm64 1.0.6 25.00 OK
r-oldrel-macos-x86_64 1.0.6 30.00 OK
r-oldrel-windows-ix86+x86_64 1.0.6 14.00 80.00 94.00 OK

Check Details

Version: 1.0.6
Check: package subdirectories
Result: NOTE
    Problems with news in 'NEWS.md':
    No news entries found.
Flavors: r-devel-linux-x86_64-debian-clang, r-devel-linux-x86_64-debian-gcc, r-devel-linux-x86_64-fedora-clang, r-devel-linux-x86_64-fedora-gcc, r-devel-windows-x86_64