CRAN Package Check Results for Package ceg

Last updated on 2022-11-26 10:00:38 CET.

Flavor Version Tinstall Tcheck Ttotal Status Flags
r-devel-linux-x86_64-debian-clang 0.1.0 9.35 58.80 68.15 NOTE
r-devel-linux-x86_64-debian-gcc 0.1.0 6.68 46.15 52.83 NOTE
r-devel-linux-x86_64-fedora-clang 0.1.0 95.21 NOTE
r-devel-windows-x86_64 0.1.0 39.00 96.00 135.00 OK
r-patched-linux-x86_64 0.1.0 NOTE
r-release-linux-x86_64 0.1.0 6.68 55.51 62.19 NOTE
r-release-macos-arm64 0.1.0 29.00 OK
r-release-macos-x86_64 0.1.0 40.00 OK
r-release-windows-x86_64 0.1.0 39.00 93.00 132.00 OK
r-oldrel-macos-arm64 0.1.0 35.00 OK
r-oldrel-macos-x86_64 0.1.0 51.00 OK
r-oldrel-windows-ix86+x86_64 0.1.0 16.00 84.00 100.00 OK

Check Details

Version: 0.1.0
Check: for non-standard things in the check directory
Result: NOTE
    Found the following files/directories:
     'figure01ceg.pdf' 'figure02ceg.pdf' 'staged.tree.graph.pdf'
     'stratified-event-tree-plot.pdf'
Flavors: r-devel-linux-x86_64-debian-clang, r-devel-linux-x86_64-debian-gcc, r-devel-linux-x86_64-fedora-clang, r-patched-linux-x86_64, r-release-linux-x86_64