Last updated on 2022-05-18 11:52:26 CEST.
Flavor | Version | Tinstall | Tcheck | Ttotal | Status | Flags |
---|---|---|---|---|---|---|
r-devel-linux-x86_64-debian-clang | 0.1.0 | 7.13 | 68.13 | 75.26 | NOTE | |
r-devel-linux-x86_64-debian-gcc | 0.1.0 | 7.08 | 51.82 | 58.90 | NOTE | |
r-devel-linux-x86_64-fedora-clang | 0.1.0 | 90.55 | NOTE | |||
r-devel-linux-x86_64-fedora-gcc | 0.1.0 | 90.07 | NOTE | |||
r-devel-windows-x86_64 | 0.1.0 | 46.00 | 83.00 | 129.00 | OK | |
r-patched-linux-x86_64 | 0.1.0 | 6.29 | 63.70 | 69.99 | NOTE | |
r-release-linux-x86_64 | 0.1.0 | 7.49 | 64.46 | 71.95 | NOTE | |
r-release-macos-arm64 | 0.1.0 | 29.00 | OK | |||
r-release-macos-x86_64 | 0.1.0 | 40.00 | OK | |||
r-release-windows-x86_64 | 0.1.0 | 49.00 | 84.00 | 133.00 | OK | |
r-oldrel-macos-arm64 | 0.1.0 | 35.00 | OK | |||
r-oldrel-macos-x86_64 | 0.1.0 | 51.00 | OK | |||
r-oldrel-windows-ix86+x86_64 | 0.1.0 | 17.00 | 75.00 | 92.00 | OK |
Version: 0.1.0
Check: for non-standard things in the check directory
Result: NOTE
Found the following files/directories:
'figure01ceg.pdf' 'figure02ceg.pdf' 'staged.tree.graph.pdf'
'stratified-event-tree-plot.pdf'
Flavors: r-devel-linux-x86_64-debian-clang, r-devel-linux-x86_64-debian-gcc, r-devel-linux-x86_64-fedora-clang, r-devel-linux-x86_64-fedora-gcc, r-patched-linux-x86_64, r-release-linux-x86_64