CRAN Package Check Results for Package ceg

Last updated on 2020-09-20 03:47:21 CEST.

Flavor Version Tinstall Tcheck Ttotal Status Flags
r-devel-linux-x86_64-debian-clang 0.1.0 9.46 51.68 61.14 NOTE
r-devel-linux-x86_64-debian-gcc 0.1.0 6.50 40.63 47.13 NOTE
r-devel-linux-x86_64-fedora-clang 0.1.0 81.88 NOTE
r-devel-linux-x86_64-fedora-gcc 0.1.0 74.01 NOTE
r-devel-windows-ix86+x86_64 0.1.0 16.00 63.00 79.00 OK
r-patched-linux-x86_64 0.1.0 8.17 51.42 59.59 NOTE
r-patched-solaris-x86 0.1.0 106.10 NOTE
r-release-linux-x86_64 0.1.0 8.54 51.49 60.03 NOTE
r-release-macos-x86_64 0.1.0 OK
r-release-windows-ix86+x86_64 0.1.0 16.00 60.00 76.00 OK
r-oldrel-macos-x86_64 0.1.0 OK
r-oldrel-windows-ix86+x86_64 0.1.0 11.00 83.00 94.00 OK

Check Details

Version: 0.1.0
Check: for non-standard things in the check directory
Result: NOTE
    Found the following files/directories:
     'figure01ceg.pdf' 'figure02ceg.pdf' 'staged.tree.graph.pdf'
     'stratified-event-tree-plot.pdf'
Flavors: r-devel-linux-x86_64-debian-clang, r-devel-linux-x86_64-debian-gcc, r-devel-linux-x86_64-fedora-clang, r-devel-linux-x86_64-fedora-gcc, r-patched-linux-x86_64, r-patched-solaris-x86, r-release-linux-x86_64