Last updated on 2023-09-26 17:09:13 CEST.
Flavor | Version | Tinstall | Tcheck | Ttotal | Status | Flags |
---|---|---|---|---|---|---|
r-devel-linux-x86_64-debian-clang | 1.0.1 | 58.18 | 191.23 | 249.41 | OK | |
r-devel-linux-x86_64-debian-gcc | 1.0.1 | 52.38 | 140.93 | 193.31 | OK | |
r-devel-linux-x86_64-fedora-clang | 1.0.1 | 317.89 | OK | |||
r-devel-linux-x86_64-fedora-gcc | 1.0.1 | 319.06 | OK | |||
r-devel-windows-x86_64 | 1.0.1 | 54.00 | 153.00 | 207.00 | OK | |
r-patched-linux-x86_64 | 1.0.1 | 55.54 | 174.57 | 230.11 | OK | |
r-release-linux-x86_64 | 1.0.1 | 44.86 | 181.17 | 226.03 | OK | |
r-release-macos-arm64 | 1.0.1 | 121.00 | NOTE | |||
r-release-macos-x86_64 | 1.0.1 | 182.00 | NOTE | |||
r-release-windows-x86_64 | 1.0.1 | 75.00 | 186.00 | 261.00 | OK | |
r-oldrel-macos-arm64 | 1.0.1 | 85.00 | NOTE | |||
r-oldrel-macos-x86_64 | 1.0.1 | 125.00 | OK | |||
r-oldrel-windows-x86_64 | 1.0.1 | 75.00 | 187.00 | 262.00 | OK |
Version: 1.0.1
Check: installed package size
Result: NOTE
installed size is 5.5Mb
sub-directories of 1Mb or more:
data 5.1Mb
Flavors: r-release-macos-arm64, r-release-macos-x86_64, r-oldrel-macos-arm64