Last updated on 2023-05-28 20:57:42 CEST.
Flavor | Version | Tinstall | Tcheck | Ttotal | Status | Flags |
---|---|---|---|---|---|---|
r-devel-linux-x86_64-debian-clang | 1.0.1 | 60.62 | 193.68 | 254.30 | OK | |
r-devel-linux-x86_64-debian-gcc | 1.0.1 | 55.60 | 144.26 | 199.86 | OK | |
r-devel-linux-x86_64-fedora-clang | 1.0.1 | 218.08 | OK | |||
r-devel-linux-x86_64-fedora-gcc | 1.0.1 | 313.10 | OK | |||
r-devel-windows-x86_64 | 1.0.1 | 51.00 | 154.00 | 205.00 | OK | |
r-patched-linux-x86_64 | 1.0.1 | 56.74 | 175.91 | 232.65 | OK | |
r-release-linux-x86_64 | 1.0.1 | 58.39 | 174.48 | 232.87 | OK | |
r-release-macos-arm64 | 1.0.1 | 121.00 | NOTE | |||
r-release-macos-x86_64 | 1.0.1 | 182.00 | NOTE | |||
r-release-windows-x86_64 | 1.0.1 | 74.00 | 193.00 | 267.00 | OK | |
r-oldrel-macos-arm64 | 1.0.1 | 85.00 | NOTE | |||
r-oldrel-macos-x86_64 | 1.0.1 | 125.00 | OK | |||
r-oldrel-windows-x86_64 | 1.0.1 | 78.00 | 190.00 | 268.00 | OK |
Version: 1.0.1
Check: installed package size
Result: NOTE
installed size is 5.5Mb
sub-directories of 1Mb or more:
data 5.1Mb
Flavors: r-release-macos-arm64, r-release-macos-x86_64, r-oldrel-macos-arm64