Last updated on 2022-07-04 05:50:01 CEST.
Flavor | Version | Tinstall | Tcheck | Ttotal | Status | Flags |
---|---|---|---|---|---|---|
r-devel-linux-x86_64-debian-clang | 2.2.6 | 115.73 | 262.76 | 378.49 | OK | |
r-devel-linux-x86_64-debian-gcc | 2.2.6 | 95.59 | 186.56 | 282.15 | OK | |
r-devel-linux-x86_64-fedora-clang | 2.2.6 | 505.54 | NOTE | |||
r-devel-linux-x86_64-fedora-gcc | 2.2.6 | 470.66 | OK | |||
r-devel-windows-x86_64 | 2.2.6 | 127.00 | 320.00 | 447.00 | NOTE | |
r-patched-linux-x86_64 | 2.2.6 | 100.20 | 251.99 | 352.19 | OK | |
r-release-linux-x86_64 | 2.2.6 | 106.37 | 252.26 | 358.63 | OK | |
r-release-macos-arm64 | 2.2.6 | 138.00 | NOTE | |||
r-release-macos-x86_64 | 2.2.6 | 249.00 | NOTE | |||
r-release-windows-x86_64 | 2.2.6 | 115.00 | 336.00 | 451.00 | NOTE | |
r-oldrel-macos-arm64 | 2.2.6 | 124.00 | NOTE | |||
r-oldrel-macos-x86_64 | 2.2.6 | 185.00 | NOTE | |||
r-oldrel-windows-ix86+x86_64 | 2.2.6 | 275.00 | 319.00 | 594.00 | NOTE |
Version: 2.2.6
Check: installed package size
Result: NOTE
installed size is 11.7Mb
sub-directories of 1Mb or more:
data 3.1Mb
doc 2.1Mb
libs 6.1Mb
Flavors: r-devel-linux-x86_64-fedora-clang, r-devel-windows-x86_64, r-release-macos-arm64, r-release-macos-x86_64, r-release-windows-x86_64, r-oldrel-macos-arm64, r-oldrel-macos-x86_64, r-oldrel-windows-ix86+x86_64