CRAN Package Check Results for Package cellranger

Last updated on 2022-11-28 21:56:02 CET.

Flavor Version Tinstall Tcheck Ttotal Status Flags
r-devel-linux-x86_64-debian-clang 1.1.0 2.76 35.11 37.87 NOTE
r-devel-linux-x86_64-debian-gcc 1.1.0 2.47 26.99 29.46 NOTE
r-devel-linux-x86_64-fedora-clang 1.1.0 57.99 NOTE
r-devel-linux-x86_64-fedora-gcc 1.1.0 57.11 NOTE
r-devel-windows-x86_64 1.1.0 35.00 69.00 104.00 NOTE
r-patched-linux-x86_64 1.1.0 3.05 32.52 35.57 NOTE
r-release-linux-x86_64 1.1.0 3.10 32.42 35.52 NOTE
r-release-macos-arm64 1.1.0 19.00 NOTE
r-release-macos-x86_64 1.1.0 27.00 NOTE
r-release-windows-x86_64 1.1.0 26.00 67.00 93.00 NOTE
r-oldrel-macos-arm64 1.1.0 25.00 NOTE
r-oldrel-macos-x86_64 1.1.0 33.00 NOTE
r-oldrel-windows-ix86+x86_64 1.1.0 6.00 59.00 65.00 NOTE

Check Details

Version: 1.1.0
Check: LazyData
Result: NOTE
     'LazyData' is specified without a 'data' directory
Flavors: r-devel-linux-x86_64-debian-clang, r-devel-linux-x86_64-debian-gcc, r-devel-linux-x86_64-fedora-clang, r-devel-linux-x86_64-fedora-gcc, r-devel-windows-x86_64, r-patched-linux-x86_64, r-release-linux-x86_64, r-release-macos-arm64, r-release-macos-x86_64, r-release-windows-x86_64, r-oldrel-macos-arm64, r-oldrel-macos-x86_64, r-oldrel-windows-ix86+x86_64