CRAN Package Check Results for Package censReg

Last updated on 2021-10-25 05:58:07 CEST.

Flavor Version Tinstall Tcheck Ttotal Status Flags
r-devel-linux-x86_64-debian-clang 0.5-32 5.02 95.20 100.22 OK
r-devel-linux-x86_64-debian-gcc 0.5-32 4.40 68.90 73.30 OK
r-devel-linux-x86_64-fedora-clang 0.5-32 131.41 NOTE
r-devel-linux-x86_64-fedora-gcc 0.5-32 129.90 OK
r-devel-windows-x86_64 0.5-32 9.00 108.00 117.00 OK
r-devel-windows-x86_64-gcc10-UCRT 0.5-32 OK
r-patched-linux-x86_64 0.5-32 4.85 86.97 91.82 OK
r-patched-solaris-x86 0.5-32 165.80 OK
r-release-linux-x86_64 0.5-32 5.54 87.09 92.63 OK
r-release-macos-arm64 0.5-32 OK
r-release-macos-x86_64 0.5-32 OK
r-release-windows-ix86+x86_64 0.5-32 9.00 127.00 136.00 OK
r-oldrel-macos-x86_64 0.5-32 OK
r-oldrel-windows-ix86+x86_64 0.5-32 14.00 133.00 147.00 OK

Check Details

Version: 0.5-32
Check: Rd cross-references
Result: NOTE
    Undeclared package ‘sampleSelection’ in Rd xrefs
Flavor: r-devel-linux-x86_64-fedora-clang