CRAN Package Check Results for Package censorcopula

Last updated on 2020-02-25 03:46:55 CET.

Flavor Version Tinstall Tcheck Ttotal Status Flags
r-devel-linux-x86_64-debian-clang 2.0 8.60 62.99 71.59 NOTE
r-devel-linux-x86_64-debian-gcc 2.0 6.92 50.31 57.23 NOTE
r-devel-linux-x86_64-fedora-clang 2.0 86.63 NOTE
r-devel-linux-x86_64-fedora-gcc 2.0 88.89 NOTE
r-devel-windows-ix86+x86_64 2.0 16.00 77.00 93.00 NOTE
r-devel-windows-ix86+x86_64-gcc8 2.0 23.00 99.00 122.00 NOTE
r-patched-linux-x86_64 2.0 6.78 57.47 64.25 NOTE
r-patched-solaris-x86 2.0 131.90 NOTE
r-release-linux-x86_64 2.0 7.12 56.75 63.87 NOTE
r-release-windows-ix86+x86_64 2.0 13.00 65.00 78.00 NOTE
r-release-osx-x86_64 2.0 NOTE
r-oldrel-windows-ix86+x86_64 2.0 9.00 67.00 76.00 NOTE
r-oldrel-osx-x86_64 2.0 NOTE

Check Details

Version: 2.0
Check: dependencies in R code
Result: NOTE
    Unexported objects imported by ':::' calls:
     'copula:::dCdu' 'copula:::fitCopStart'
     See the note in ?`:::` about the use of this operator.
Flavors: r-devel-linux-x86_64-debian-clang, r-devel-linux-x86_64-debian-gcc, r-devel-linux-x86_64-fedora-clang, r-devel-linux-x86_64-fedora-gcc, r-devel-windows-ix86+x86_64, r-devel-windows-ix86+x86_64-gcc8, r-patched-linux-x86_64, r-patched-solaris-x86, r-release-linux-x86_64, r-release-windows-ix86+x86_64, r-release-osx-x86_64, r-oldrel-windows-ix86+x86_64, r-oldrel-osx-x86_64