Last updated on 2023-02-07 01:56:27 CET.
Flavor | Version | Tinstall | Tcheck | Ttotal | Status | Flags |
---|---|---|---|---|---|---|
r-devel-linux-x86_64-debian-clang | 2.0 | 7.94 | 76.84 | 84.78 | NOTE | |
r-devel-linux-x86_64-debian-gcc | 2.0 | 7.87 | 58.68 | 66.55 | NOTE | |
r-devel-linux-x86_64-fedora-clang | 2.0 | 108.99 | NOTE | |||
r-devel-linux-x86_64-fedora-gcc | 2.0 | 105.28 | NOTE | |||
r-devel-windows-x86_64 | 2.0 | 12.00 | 95.00 | 107.00 | NOTE | |
r-patched-linux-x86_64 | 2.0 | 7.31 | 75.28 | 82.59 | NOTE | |
r-release-linux-x86_64 | 2.0 | 6.37 | 73.57 | 79.94 | NOTE | |
r-release-macos-arm64 | 2.0 | 33.00 | NOTE | |||
r-release-macos-x86_64 | 2.0 | 47.00 | NOTE | |||
r-release-windows-x86_64 | 2.0 | 14.00 | 107.00 | 121.00 | NOTE | |
r-oldrel-macos-arm64 | 2.0 | 38.00 | NOTE | |||
r-oldrel-macos-x86_64 | 2.0 | 66.00 | NOTE | |||
r-oldrel-windows-ix86+x86_64 | 2.0 | 20.00 | 101.00 | 121.00 | NOTE |
Version: 2.0
Check: dependencies in R code
Result: NOTE
Unexported objects imported by ‘:::’ calls:
‘copula:::dCdu’ ‘copula:::fitCopStart’
See the note in ?`:::` about the use of this operator.
Flavors: r-devel-linux-x86_64-debian-clang, r-devel-linux-x86_64-debian-gcc, r-devel-linux-x86_64-fedora-clang, r-devel-linux-x86_64-fedora-gcc, r-devel-windows-x86_64, r-patched-linux-x86_64, r-release-linux-x86_64, r-release-macos-arm64, r-release-macos-x86_64, r-release-windows-x86_64, r-oldrel-macos-arm64, r-oldrel-macos-x86_64, r-oldrel-windows-ix86+x86_64