CRAN Package Check Results for Package censys

Last updated on 2021-09-16 19:51:25 CEST.

Flavor Version Tinstall Tcheck Ttotal Status Flags
r-devel-linux-x86_64-debian-clang 0.1.0 2.35 28.80 31.15 NOTE
r-devel-linux-x86_64-debian-gcc 0.1.0 2.02 22.63 24.65 NOTE
r-devel-linux-x86_64-fedora-clang 0.1.0 47.17 NOTE
r-devel-linux-x86_64-fedora-gcc 0.1.0 36.55 NOTE
r-devel-windows-x86_64 0.1.0 3.00 45.00 48.00 NOTE
r-devel-windows-x86_64-gcc10-UCRT 0.1.0 NOTE
r-patched-linux-x86_64 0.1.0 2.74 27.75 30.49 NOTE
r-patched-solaris-x86 0.1.0 59.00 NOTE
r-release-linux-x86_64 0.1.0 2.21 27.78 29.99 NOTE
r-release-macos-arm64 0.1.0 NOTE
r-release-macos-x86_64 0.1.0 NOTE
r-release-windows-ix86+x86_64 0.1.0 5.00 38.00 43.00 NOTE
r-oldrel-macos-x86_64 0.1.0 OK
r-oldrel-windows-ix86+x86_64 0.1.0 4.00 38.00 42.00 OK

Check Details

Version: 0.1.0
Check: LazyData
Result: NOTE
     'LazyData' is specified without a 'data' directory
Flavors: r-devel-linux-x86_64-debian-clang, r-devel-linux-x86_64-debian-gcc, r-devel-linux-x86_64-fedora-clang, r-devel-linux-x86_64-fedora-gcc, r-devel-windows-x86_64, r-devel-windows-x86_64-gcc10-UCRT, r-patched-linux-x86_64, r-patched-solaris-x86, r-release-linux-x86_64, r-release-macos-arm64, r-release-macos-x86_64, r-release-windows-ix86+x86_64