CRAN Package Check Results for Package centralplot

Last updated on 2022-05-23 10:53:00 CEST.

Flavor Version Tinstall Tcheck Ttotal Status Flags
r-devel-linux-x86_64-debian-clang 0.1.0 5.11 60.38 65.49 NOTE
r-devel-linux-x86_64-debian-gcc 0.1.0 3.72 45.44 49.16 NOTE
r-devel-linux-x86_64-fedora-clang 0.1.0 77.66 NOTE
r-devel-linux-x86_64-fedora-gcc 0.1.0 75.82 NOTE
r-devel-windows-x86_64 0.1.0 12.00 82.00 94.00 NOTE
r-patched-linux-x86_64 0.1.0 3.77 54.53 58.30 NOTE
r-release-linux-x86_64 0.1.0 NOTE
r-release-macos-arm64 0.1.0 24.00 NOTE
r-release-macos-x86_64 0.1.0 45.00 NOTE
r-release-windows-x86_64 0.1.0 14.00 84.00 98.00 NOTE
r-oldrel-macos-arm64 0.1.0 27.00 NOTE
r-oldrel-macos-x86_64 0.1.0 42.00 NOTE
r-oldrel-windows-ix86+x86_64 0.1.0 15.00 69.00 84.00 NOTE

Check Details

Version: 0.1.0
Check: LazyData
Result: NOTE
     'LazyData' is specified without a 'data' directory
Flavors: r-devel-linux-x86_64-debian-clang, r-devel-linux-x86_64-debian-gcc, r-devel-linux-x86_64-fedora-clang, r-devel-linux-x86_64-fedora-gcc, r-devel-windows-x86_64, r-patched-linux-x86_64, r-release-linux-x86_64, r-release-macos-arm64, r-release-macos-x86_64, r-release-windows-x86_64, r-oldrel-macos-arm64, r-oldrel-macos-x86_64, r-oldrel-windows-ix86+x86_64