CRAN Package Check Results for Package cepreader

Last updated on 2021-11-28 00:48:43 CET.

Flavor Version Tinstall Tcheck Ttotal Status Flags
r-devel-linux-x86_64-debian-clang 1.2-0 OK
r-devel-linux-x86_64-debian-gcc 1.2-0 5.27 43.33 48.60 OK
r-devel-linux-x86_64-fedora-clang 1.2-0 87.97 NOTE
r-devel-linux-x86_64-fedora-gcc 1.2-0 74.41 OK
r-devel-windows-x86_64-new-UL 1.2-0 18.00 87.00 105.00 OK
r-devel-windows-x86_64-new-TK 1.2-0 OK
r-devel-windows-x86_64-old 1.2-0 1.00 8.00 9.00 ERROR
r-patched-linux-x86_64 1.2-0 7.25 52.90 60.15 OK
r-patched-solaris-x86 1.2-0 110.30 OK
r-release-linux-x86_64 1.2-0 OK
r-release-macos-arm64 1.2-0 ERROR
r-release-macos-x86_64 1.2-0 OK
r-release-windows-ix86+x86_64 1.2-0 15.00 57.00 72.00 OK
r-oldrel-macos-x86_64 1.2-0 OK
r-oldrel-windows-ix86+x86_64 1.2-0 10.00 80.00 90.00 OK

Check Details

Version: 1.2-0
Check: Rd cross-references
Result: NOTE
    Undeclared package ‘vegan’ in Rd xrefs
Flavor: r-devel-linux-x86_64-fedora-clang

Version: 1.2-0
Check: whether package can be installed
Result: ERROR
    Installation failed.
Flavors: r-devel-windows-x86_64-old, r-release-macos-arm64