Last updated on 2023-03-21 15:52:12 CET.
Flavor | Version | Tinstall | Tcheck | Ttotal | Status | Flags |
---|---|---|---|---|---|---|
r-devel-linux-x86_64-debian-clang | 0.6.0 | 34.36 | 312.29 | 346.65 | NOTE | |
r-devel-linux-x86_64-debian-gcc | 0.6.0 | 27.31 | 227.67 | 254.98 | NOTE | |
r-devel-linux-x86_64-fedora-clang | 0.6.0 | 416.60 | NOTE | |||
r-devel-linux-x86_64-fedora-gcc | 0.6.0 | 400.30 | NOTE | |||
r-devel-windows-x86_64 | 0.6.0 | 50.00 | 289.00 | 339.00 | NOTE | |
r-patched-linux-x86_64 | 0.6.0 | 32.41 | 287.09 | 319.50 | NOTE | |
r-release-linux-x86_64 | 0.6.0 | 34.78 | 284.34 | 319.12 | NOTE | |
r-release-macos-arm64 | 0.6.0 | 80.00 | NOTE | |||
r-release-macos-x86_64 | 0.6.0 | 143.00 | NOTE | |||
r-release-windows-x86_64 | 0.6.0 | 51.00 | 282.00 | 333.00 | NOTE | |
r-oldrel-macos-arm64 | 0.6.0 | 49.00 | NOTE | |||
r-oldrel-macos-x86_64 | 0.6.0 | 72.00 | NOTE | |||
r-oldrel-windows-ix86+x86_64 | 0.6.0 | 71.00 | 280.00 | 351.00 | NOTE |
Version: 0.6.0
Check: LazyData
Result: NOTE
'LazyData' is specified without a 'data' directory
Flavors: r-devel-linux-x86_64-debian-clang, r-devel-linux-x86_64-debian-gcc, r-devel-linux-x86_64-fedora-clang, r-devel-linux-x86_64-fedora-gcc, r-devel-windows-x86_64, r-patched-linux-x86_64, r-release-linux-x86_64, r-release-macos-arm64, r-release-macos-x86_64, r-release-windows-x86_64, r-oldrel-macos-arm64, r-oldrel-macos-x86_64, r-oldrel-windows-ix86+x86_64
Version: 0.6.0
Check: R code for possible problems
Result: NOTE
Initiating curl with CURL_SSL_BACKEND: openssl
Flavor: r-oldrel-windows-ix86+x86_64