CRAN Package Check Results for Package cesR

Last updated on 2023-06-05 18:53:59 CEST.

Flavor Version Tinstall Tcheck Ttotal Status Flags
r-devel-linux-x86_64-debian-clang 0.1.0 2.67 34.48 37.15 NOTE
r-devel-linux-x86_64-debian-gcc 0.1.0 2.48 27.48 29.96 NOTE
r-devel-linux-x86_64-fedora-clang 0.1.0 47.82 NOTE
r-devel-linux-x86_64-fedora-gcc 0.1.0 56.85 NOTE
r-devel-windows-x86_64 0.1.0 4.00 50.00 54.00 NOTE
r-patched-linux-x86_64 0.1.0 3.09 33.75 36.84 NOTE
r-release-linux-x86_64 0.1.0 2.18 33.67 35.85 NOTE
r-release-macos-arm64 0.1.0 30.00 NOTE
r-release-macos-x86_64 0.1.0 42.00 NOTE
r-release-windows-x86_64 0.1.0 5.00 52.00 57.00 NOTE
r-oldrel-macos-arm64 0.1.0 24.00 OK
r-oldrel-macos-x86_64 0.1.0 37.00 OK
r-oldrel-windows-x86_64 0.1.0 5.00 54.00 59.00 OK

Check Details

Version: 0.1.0
Check: package subdirectories
Result: NOTE
    Problems with news in ‘NEWS.md’:
    No news entries found.
Flavors: r-devel-linux-x86_64-debian-clang, r-devel-linux-x86_64-debian-gcc, r-devel-linux-x86_64-fedora-clang, r-devel-linux-x86_64-fedora-gcc, r-devel-windows-x86_64, r-patched-linux-x86_64, r-release-linux-x86_64, r-release-macos-arm64, r-release-macos-x86_64, r-release-windows-x86_64