CRAN Package Check Results for Package ceser

Last updated on 2021-04-11 23:46:54 CEST.

Flavor Version Tinstall Tcheck Ttotal Status Flags
r-devel-linux-x86_64-debian-clang 1.0.0 2.27 29.95 32.22 OK
r-devel-linux-x86_64-debian-gcc 1.0.0 1.69 23.68 25.37 OK
r-devel-linux-x86_64-fedora-clang 1.0.0 48.84 NOTE
r-devel-linux-x86_64-fedora-gcc 1.0.0 37.31 NOTE
r-devel-windows-ix86+x86_64 1.0.0 7.00 47.00 54.00 OK
r-devel-windows-x86_64-gcc10-UCRT 1.0.0 NOTE
r-patched-linux-x86_64 1.0.0 2.55 29.43 31.98 OK
r-patched-solaris-x86 1.0.0 59.40 NOTE
r-release-linux-x86_64 1.0.0 2.39 28.73 31.12 OK
r-release-macos-x86_64 1.0.0 NOTE
r-release-windows-ix86+x86_64 1.0.0 15.00 46.00 61.00 OK
r-oldrel-macos-x86_64 1.0.0 NOTE
r-oldrel-windows-ix86+x86_64 1.0.0 3.00 35.00 38.00 OK

Check Details

Version: 1.0.0
Check: dependencies in R code
Result: NOTE
    Namespace in Imports field not imported from: ‘lmtest’
     All declared Imports should be used.
Flavors: r-devel-linux-x86_64-fedora-clang, r-devel-linux-x86_64-fedora-gcc, r-devel-windows-x86_64-gcc10-UCRT, r-patched-solaris-x86, r-release-macos-x86_64, r-oldrel-macos-x86_64