CRAN Package Check Results for Package cfa

Last updated on 2021-04-13 15:47:35 CEST.

Flavor Version Tinstall Tcheck Ttotal Status Flags
r-devel-linux-x86_64-debian-clang 0.10-0 3.33 30.94 34.27 NOTE
r-devel-linux-x86_64-debian-gcc 0.10-0 2.43 23.22 25.65 NOTE
r-devel-linux-x86_64-fedora-clang 0.10-0 50.42 NOTE
r-devel-linux-x86_64-fedora-gcc 0.10-0 40.90 NOTE
r-devel-windows-ix86+x86_64 0.10-0 7.00 45.00 52.00 NOTE
r-devel-windows-x86_64-gcc10-UCRT 0.10-0 NOTE
r-patched-linux-x86_64 0.10-0 3.06 29.05 32.11 OK
r-patched-solaris-x86 0.10-0 56.90 OK
r-release-linux-x86_64 0.10-0 2.95 28.94 31.89 OK
r-release-macos-x86_64 0.10-0 OK
r-release-windows-ix86+x86_64 0.10-0 5.00 36.00 41.00 OK
r-oldrel-macos-x86_64 0.10-0 OK
r-oldrel-windows-ix86+x86_64 0.10-0 6.00 53.00 59.00 OK

Check Details

Version: 0.10-0
Check: LazyData
Result: NOTE
     'LazyData' is specified without a 'data' directory
Flavors: r-devel-linux-x86_64-debian-clang, r-devel-linux-x86_64-debian-gcc, r-devel-linux-x86_64-fedora-clang, r-devel-linux-x86_64-fedora-gcc, r-devel-windows-ix86+x86_64, r-devel-windows-x86_64-gcc10-UCRT