CRAN Package Check Results for Package cfmortality

Last updated on 2022-09-27 09:53:21 CEST.

Flavor Version Tinstall Tcheck Ttotal Status Flags
r-devel-linux-x86_64-debian-clang 0.3.0 2.33 20.02 22.35 NOTE
r-devel-linux-x86_64-debian-gcc 0.3.0 1.67 15.92 17.59 NOTE
r-devel-linux-x86_64-fedora-clang 0.3.0 40.77 NOTE
r-devel-linux-x86_64-fedora-gcc 0.3.0 35.57 NOTE
r-devel-windows-x86_64 0.3.0 9.00 42.00 51.00 NOTE
r-patched-linux-x86_64 0.3.0 2.17 19.55 21.72 NOTE
r-release-linux-x86_64 0.3.0 2.16 19.67 21.83 NOTE
r-release-macos-arm64 0.3.0 14.00 NOTE
r-release-macos-x86_64 0.3.0 18.00 NOTE
r-release-windows-x86_64 0.3.0 4.00 38.00 42.00 NOTE
r-oldrel-macos-arm64 0.3.0 18.00 NOTE
r-oldrel-macos-x86_64 0.3.0 24.00 NOTE
r-oldrel-windows-ix86+x86_64 0.3.0 5.00 24.00 29.00 NOTE

Check Details

Version: 0.3.0
Check: LazyData
Result: NOTE
     'LazyData' is specified without a 'data' directory
Flavors: r-devel-linux-x86_64-debian-clang, r-devel-linux-x86_64-debian-gcc, r-devel-linux-x86_64-fedora-clang, r-devel-linux-x86_64-fedora-gcc, r-devel-windows-x86_64, r-patched-linux-x86_64, r-release-linux-x86_64, r-release-macos-arm64, r-release-macos-x86_64, r-release-windows-x86_64, r-oldrel-macos-arm64, r-oldrel-macos-x86_64, r-oldrel-windows-ix86+x86_64