CRAN Package Check Results for Package cfmortality

Last updated on 2024-05-28 05:54:47 CEST.

Flavor Version Tinstall Tcheck Ttotal Status Flags
r-devel-linux-x86_64-debian-clang 0.3.0 1.76 19.91 21.67 NOTE
r-devel-linux-x86_64-debian-gcc 0.3.0 1.55 15.79 17.34 NOTE
r-devel-linux-x86_64-fedora-clang 0.3.0 28.19 NOTE
r-devel-linux-x86_64-fedora-gcc 0.3.0 26.30 NOTE
r-devel-windows-x86_64 0.3.0 2.00 33.00 35.00 NOTE
r-patched-linux-x86_64 0.3.0 2.17 19.30 21.47 NOTE
r-release-linux-x86_64 0.3.0 1.99 19.23 21.22 NOTE
r-release-macos-arm64 0.3.0 14.00 NOTE
r-release-windows-x86_64 0.3.0 3.00 33.00 36.00 NOTE
r-oldrel-macos-arm64 0.3.0 13.00 NOTE
r-oldrel-macos-x86_64 0.3.0 17.00 NOTE
r-oldrel-windows-x86_64 0.3.0 3.00 32.00 35.00 NOTE

Check Details

Version: 0.3.0
Check: LazyData
Result: NOTE 'LazyData' is specified without a 'data' directory Flavors: r-devel-linux-x86_64-debian-clang, r-devel-linux-x86_64-debian-gcc, r-devel-linux-x86_64-fedora-clang, r-devel-linux-x86_64-fedora-gcc, r-devel-windows-x86_64, r-patched-linux-x86_64, r-release-linux-x86_64, r-release-macos-arm64, r-release-windows-x86_64, r-oldrel-macos-arm64, r-oldrel-macos-x86_64, r-oldrel-windows-x86_64