CRAN Package Check Results for Package cg

Last updated on 2019-07-18 15:47:21 CEST.

Flavor Version Tinstall Tcheck Ttotal Status Flags
r-devel-linux-x86_64-debian-clang 1.0-3 33.58 184.19 217.77 OK
r-devel-linux-x86_64-debian-gcc 1.0-3 25.40 141.31 166.71 OK
r-devel-linux-x86_64-fedora-clang 1.0-3 253.64 NOTE
r-devel-linux-x86_64-fedora-gcc 1.0-3 289.07 NOTE
r-devel-windows-ix86+x86_64 1.0-3 80.00 221.00 301.00 OK
r-patched-linux-x86_64 1.0-3 32.95 179.71 212.66 OK
r-patched-solaris-x86 1.0-3 370.70 NOTE
r-release-linux-x86_64 1.0-3 28.68 179.35 208.03 OK
r-release-windows-ix86+x86_64 1.0-3 51.00 306.00 357.00 OK
r-release-osx-x86_64 1.0-3 NOTE
r-oldrel-windows-ix86+x86_64 1.0-3 40.00 245.00 285.00 OK
r-oldrel-osx-x86_64 1.0-3 NOTE

Check Details

Version: 1.0-3
Check: dependencies in R code
Result: NOTE
    Namespace in Imports field not imported from: ‘grDevices’
     All declared Imports should be used.
Flavors: r-devel-linux-x86_64-fedora-clang, r-devel-linux-x86_64-fedora-gcc, r-patched-solaris-x86, r-release-osx-x86_64, r-oldrel-osx-x86_64