CRAN Package Check Results for Package cg

Last updated on 2019-05-22 04:46:28 CEST.

Flavor Version Tinstall Tcheck Ttotal Status Flags
r-devel-linux-x86_64-debian-clang 1.0-3 31.63 182.90 214.53 OK
r-devel-linux-x86_64-debian-gcc 1.0-3 26.41 139.88 166.29 OK
r-devel-linux-x86_64-fedora-clang 1.0-3 259.66 NOTE
r-devel-linux-x86_64-fedora-gcc 1.0-3 252.33 NOTE
r-devel-windows-ix86+x86_64 1.0-3 52.00 282.00 334.00 OK
r-patched-linux-x86_64 1.0-3 29.95 180.01 209.96 OK
r-patched-solaris-x86 1.0-3 347.20 NOTE
r-release-linux-x86_64 1.0-3 29.15 179.17 208.32 OK
r-release-windows-ix86+x86_64 1.0-3 81.00 213.00 294.00 OK
r-release-osx-x86_64 1.0-3 NOTE
r-oldrel-windows-ix86+x86_64 1.0-3 40.00 182.00 222.00 OK
r-oldrel-osx-x86_64 1.0-3 NOTE

Check Details

Version: 1.0-3
Check: dependencies in R code
Result: NOTE
    Namespace in Imports field not imported from: ‘grDevices’
     All declared Imports should be used.
Flavors: r-devel-linux-x86_64-fedora-clang, r-devel-linux-x86_64-fedora-gcc, r-patched-solaris-x86, r-release-osx-x86_64, r-oldrel-osx-x86_64