CRAN Package Check Results for Package cg

Last updated on 2020-05-28 17:50:02 CEST.

Flavor Version Tinstall Tcheck Ttotal Status Flags
r-devel-linux-x86_64-debian-clang 1.0-3 34.19 203.88 238.07 OK
r-devel-linux-x86_64-debian-gcc 1.0-3 32.17 152.02 184.19 OK
r-devel-linux-x86_64-fedora-clang 1.0-3 285.39 NOTE
r-devel-linux-x86_64-fedora-gcc 1.0-3 286.21 NOTE
r-devel-windows-ix86+x86_64 1.0-3 92.00 309.00 401.00 OK
r-patched-linux-x86_64 1.0-3 34.07 198.39 232.46 OK
r-patched-solaris-x86 1.0-3 387.30 NOTE
r-release-linux-x86_64 1.0-3 34.09 201.19 235.28 OK
r-release-osx-x86_64 1.0-3 NOTE
r-release-windows-ix86+x86_64 1.0-3 55.00 248.00 303.00 OK
r-oldrel-osx-x86_64 1.0-3 NOTE
r-oldrel-windows-ix86+x86_64 1.0-3 57.00 220.00 277.00 OK

Check Details

Version: 1.0-3
Check: dependencies in R code
Result: NOTE
    Namespace in Imports field not imported from: ‘grDevices’
     All declared Imports should be used.
Flavors: r-devel-linux-x86_64-fedora-clang, r-devel-linux-x86_64-fedora-gcc, r-patched-solaris-x86, r-release-osx-x86_64, r-oldrel-osx-x86_64