CRAN Package Check Results for Package cgal4h

Last updated on 2021-04-23 01:49:55 CEST.

Flavor Version Tinstall Tcheck Ttotal Status Flags
r-devel-linux-x86_64-debian-clang 0.1.0 8.40 28.83 37.23 OK
r-devel-linux-x86_64-debian-gcc 0.1.0 5.74 22.71 28.45 OK
r-devel-linux-x86_64-fedora-clang 0.1.0 48.09 NOTE
r-devel-linux-x86_64-fedora-gcc 0.1.0 37.71 OK
r-devel-windows-ix86+x86_64 0.1.0 21.00 47.00 68.00 NOTE
r-devel-windows-x86_64-gcc10-UCRT 0.1.0 OK
r-patched-linux-x86_64 0.1.0 7.38 28.12 35.50 OK
r-patched-solaris-x86 0.1.0 78.00 NOTE
r-release-linux-x86_64 0.1.0 7.23 28.15 35.38 OK
r-release-macos-x86_64 0.1.0 NOTE
r-release-windows-ix86+x86_64 0.1.0 20.00 33.00 53.00 NOTE
r-oldrel-macos-x86_64 0.1.0 NOTE
r-oldrel-windows-ix86+x86_64 0.1.0 54.00 51.00 105.00 NOTE

Check Details

Version: 0.1.0
Check: installed package size
Result: NOTE
     installed size is 38.5Mb
     sub-directories of 1Mb or more:
     include 38.3Mb
Flavors: r-devel-linux-x86_64-fedora-clang, r-devel-windows-ix86+x86_64, r-patched-solaris-x86, r-release-macos-x86_64, r-release-windows-ix86+x86_64, r-oldrel-macos-x86_64, r-oldrel-windows-ix86+x86_64