CRAN Package Check Results for Package cgdsr

Last updated on 2019-03-24 04:46:39 CET.

Flavor Version Tinstall Tcheck Ttotal Status Flags
r-devel-linux-x86_64-debian-clang 1.2.10 2.48 30.23 32.71 OK
r-devel-linux-x86_64-debian-gcc 1.2.10 1.73 25.04 26.77 OK
r-devel-linux-x86_64-fedora-clang 1.2.10 40.90 OK
r-devel-linux-x86_64-fedora-gcc 1.2.10 38.69 OK
r-devel-windows-ix86+x86_64 1.2.10 6.00 117.00 123.00 OK
r-patched-linux-x86_64 1.2.10 1.64 29.36 31.00 OK
r-patched-solaris-x86 1.2.10 57.50 OK
r-release-linux-x86_64 1.2.10 0.33 1.98 2.31 ERROR
r-release-windows-ix86+x86_64 1.2.10 3.00 137.00 140.00 OK
r-release-osx-x86_64 1.2.10 OK
r-oldrel-windows-ix86+x86_64 1.2.10 3.00 105.00 108.00 OK
r-oldrel-osx-x86_64 1.2.10 OK

Check Details

Version: 1.2.10
Check: whether package can be installed
Result: ERROR
    Installation failed.
Flavor: r-release-linux-x86_64