CRAN Package Check Results for Package cgmanalysis

Last updated on 2018-10-22 07:47:10 CEST.

Flavor Version Tinstall Tcheck Ttotal Status Flags
r-devel-linux-x86_64-debian-clang 2.0 2.61 29.00 31.61 ERROR
r-devel-linux-x86_64-debian-gcc 2.0 1.53 22.67 24.20 ERROR
r-devel-linux-x86_64-fedora-clang 2.0 38.07 OK
r-devel-linux-x86_64-fedora-gcc 2.0 36.31 OK
r-devel-windows-ix86+x86_64 2.0 7.00 56.00 63.00 OK
r-patched-linux-x86_64 2.0 1.86 27.57 29.43 OK
r-patched-solaris-x86 2.0 59.60 OK
r-release-linux-x86_64 2.0 2.38 27.71 30.09 OK
r-release-windows-ix86+x86_64 2.0 6.00 54.00 60.00 OK
r-release-osx-x86_64 2.0 OK
r-oldrel-windows-ix86+x86_64 1.3 4.00 61.00 65.00 OK
r-oldrel-osx-x86_64 2.0 ERROR

Check Details

Version: 2.0
Check: examples
Result: ERROR
    Running examples in ‘cgmanalysis-Ex.R’ failed
    The error most likely occurred in:
    
    > base::assign(".ptime", proc.time(), pos = "CheckExEnv")
    > ### Name: cgmvariables
    > ### Title: Calculate CGM Variables
    > ### Aliases: cgmvariables
    >
    > ### ** Examples
    >
    > cgmvariables(system.file("extdata","Cleaned",package = "cgmanalysis"))
    Error in `[[<-.data.frame`(`*tmp*`, i, value = NA) :
     replacement has 1 row, data has 0
    Calls: cgmvariables ... [<-.data.frame -> xpdrows.data.frame -> [[<- -> [[<-.data.frame
    Execution halted
Flavors: r-devel-linux-x86_64-debian-clang, r-devel-linux-x86_64-debian-gcc

Version: 2.0
Check: whether package can be installed
Result: ERROR
    Installation failed.
Flavor: r-oldrel-osx-x86_64