CRAN Package Check Results for Package cgmquantify

Last updated on 2024-05-18 18:57:10 CEST.

Flavor Version Tinstall Tcheck Ttotal Status Flags
r-devel-linux-x86_64-debian-clang 0.1.0 2.91 38.00 40.91 NOTE
r-devel-linux-x86_64-debian-gcc 0.1.0 2.32 29.32 31.64 NOTE
r-devel-linux-x86_64-fedora-clang 0.1.0 54.37 NOTE
r-devel-linux-x86_64-fedora-gcc 0.1.0 73.90 NOTE
r-devel-windows-x86_64 0.1.0 4.00 54.00 58.00 NOTE
r-patched-linux-x86_64 0.1.0 1.96 36.41 38.37 NOTE
r-release-linux-x86_64 0.1.0 1.75 37.21 38.96 NOTE
r-release-macos-arm64 0.1.0 25.00 NOTE
r-release-windows-x86_64 0.1.0 4.00 55.00 59.00 NOTE
r-oldrel-macos-arm64 0.1.0 29.00 NOTE
r-oldrel-macos-x86_64 0.1.0 43.00 NOTE
r-oldrel-windows-x86_64 0.1.0 5.00 58.00 63.00 NOTE

Check Details

Version: 0.1.0
Check: LazyData
Result: NOTE 'LazyData' is specified without a 'data' directory Flavors: r-devel-linux-x86_64-debian-clang, r-devel-linux-x86_64-debian-gcc, r-devel-linux-x86_64-fedora-clang, r-devel-linux-x86_64-fedora-gcc, r-devel-windows-x86_64, r-patched-linux-x86_64, r-release-linux-x86_64, r-release-macos-arm64, r-release-windows-x86_64, r-oldrel-macos-arm64, r-oldrel-macos-x86_64, r-oldrel-windows-x86_64

Version: 0.1.0
Check: dependencies in R code
Result: NOTE Namespace in Imports field not imported from: ‘tidyverse’ All declared Imports should be used. Flavors: r-devel-linux-x86_64-fedora-clang, r-devel-linux-x86_64-fedora-gcc