Last updated on 2023-09-21 13:56:23 CEST.
Flavor | Version | Tinstall | Tcheck | Ttotal | Status | Flags |
---|---|---|---|---|---|---|
r-devel-linux-x86_64-debian-clang | 4.0 | 3.42 | 31.96 | 35.38 | OK | |
r-devel-linux-x86_64-debian-gcc | 4.0 | 2.78 | 24.54 | 27.32 | OK | |
r-devel-linux-x86_64-fedora-clang | 4.0 | 43.35 | NOTE | |||
r-devel-linux-x86_64-fedora-gcc | 4.0 | 42.36 | OK | |||
r-devel-windows-x86_64 | 4.0 | 5.00 | 53.00 | 58.00 | OK | |
r-patched-linux-x86_64 | 4.0 | 4.69 | 30.95 | 35.64 | OK | |
r-release-linux-x86_64 | 4.0 | 3.22 | 31.43 | 34.65 | OK | |
r-release-macos-arm64 | 4.0 | 20.00 | OK | |||
r-release-macos-x86_64 | 4.0 | 42.00 | OK | |||
r-release-windows-x86_64 | 4.0 | 5.00 | 52.00 | 57.00 | OK | |
r-oldrel-macos-arm64 | 4.0 | 24.00 | OK | |||
r-oldrel-macos-x86_64 | 4.0 | 30.00 | OK | |||
r-oldrel-windows-x86_64 | 4.0 | 6.00 | 57.00 | 63.00 | OK |
Version: 4.0
Check: Rd cross-references
Result: NOTE
Undeclared packages ‘bigBits’, ‘dplyr’, ‘matrixStats’, ‘filesstrings’, ‘pracma’, ‘sf’, ‘rgeos’ in Rd xrefs
Flavor: r-devel-linux-x86_64-fedora-clang