Last updated on 2023-01-30 12:55:13 CET.
Flavor | Version | Tinstall | Tcheck | Ttotal | Status | Flags |
---|---|---|---|---|---|---|
r-devel-linux-x86_64-debian-clang | 1.0.2 | 12.55 | 396.05 | 408.60 | OK | |
r-devel-linux-x86_64-debian-gcc | 1.0.2 | 9.96 | 302.31 | 312.27 | OK | |
r-devel-linux-x86_64-fedora-clang | 1.0.2 | 504.48 | NOTE | |||
r-devel-linux-x86_64-fedora-gcc | 1.0.2 | 574.39 | OK | |||
r-devel-windows-x86_64 | 1.0.2 | 241.00 | 483.00 | 724.00 | NOTE | |
r-patched-linux-x86_64 | 1.0.2 | 10.99 | 376.12 | 387.11 | OK | |
r-release-linux-x86_64 | 1.0.2 | 10.17 | 366.45 | 376.62 | OK | |
r-release-macos-arm64 | 1.0.2 | 119.00 | NOTE | |||
r-release-macos-x86_64 | 1.0.2 | 178.00 | NOTE | |||
r-release-windows-x86_64 | 1.0.2 | 328.00 | 465.00 | 793.00 | NOTE | |
r-oldrel-macos-arm64 | 1.0.2 | 127.00 | NOTE | |||
r-oldrel-macos-x86_64 | 1.0.2 | 183.00 | NOTE | |||
r-oldrel-windows-ix86+x86_64 | 1.0.2 | 30.00 | 462.00 | 492.00 | NOTE |
Version: 1.0.2
Check: installed package size
Result: NOTE
installed size is 5.5Mb
sub-directories of 1Mb or more:
extdata 4.7Mb
Flavors: r-devel-linux-x86_64-fedora-clang, r-devel-windows-x86_64, r-release-macos-arm64, r-release-macos-x86_64, r-release-windows-x86_64, r-oldrel-macos-arm64, r-oldrel-macos-x86_64, r-oldrel-windows-ix86+x86_64