CRAN Package Check Results for Package changepoint

Last updated on 2022-01-24 16:51:07 CET.

Flavor Version Tinstall Tcheck Ttotal Status Flags
r-devel-linux-x86_64-debian-clang 2.2.2 9.78 310.62 320.40 NOTE
r-devel-linux-x86_64-debian-gcc 2.2.2 7.66 232.56 240.22 NOTE
r-devel-linux-x86_64-fedora-clang 2.2.2 366.96 NOTE
r-devel-linux-x86_64-fedora-gcc 2.2.2 359.73 NOTE
r-devel-windows-x86_64-new-UL 2.2.2 328.00 293.00 621.00 NOTE
r-devel-windows-x86_64-new-TK 2.2.2 NOTE
r-patched-linux-x86_64 2.2.2 9.60 298.79 308.39 NOTE
r-release-linux-x86_64 2.2.2 8.94 295.91 304.85 NOTE
r-release-macos-arm64 2.2.2 NOTE
r-release-macos-x86_64 2.2.2 NOTE
r-release-windows-ix86+x86_64 2.2.2 24.00 631.00 655.00 NOTE
r-oldrel-macos-x86_64 2.2.2 NOTE
r-oldrel-windows-ix86+x86_64 2.2.2 25.00 661.00 686.00 NOTE

Check Details

Version: 2.2.2
Check: DESCRIPTION meta-information
Result: NOTE
    BugReports field is not a suitable URL but contains an email address:
     use the Contact field instead
Flavors: r-devel-linux-x86_64-debian-clang, r-devel-linux-x86_64-debian-gcc, r-devel-linux-x86_64-fedora-clang, r-devel-linux-x86_64-fedora-gcc, r-devel-windows-x86_64-new-UL, r-devel-windows-x86_64-new-TK, r-patched-linux-x86_64, r-release-linux-x86_64, r-release-macos-arm64, r-release-macos-x86_64, r-release-windows-ix86+x86_64, r-oldrel-macos-x86_64, r-oldrel-windows-ix86+x86_64

Version: 2.2.2
Check: compiled code
Result: NOTE
    File ‘changepoint/libs/changepoint.so’:
     Found no calls to: ‘R_registerRoutines’, ‘R_useDynamicSymbols’
    
    It is good practice to register native routines and to disable symbol
    search.
    
    See ‘Writing portable packages’ in the ‘Writing R Extensions’ manual.
Flavors: r-devel-linux-x86_64-fedora-clang, r-devel-linux-x86_64-fedora-gcc