CRAN Package Check Results for Package changepoint.np

Last updated on 2021-10-16 01:48:13 CEST.

Flavor Version Tinstall Tcheck Ttotal Status Flags
r-devel-linux-x86_64-debian-clang 1.0.3 5.37 39.61 44.98 OK
r-devel-linux-x86_64-debian-gcc 1.0.3 4.32 31.35 35.67 OK
r-devel-linux-x86_64-fedora-clang 1.0.3 65.63 NOTE
r-devel-linux-x86_64-fedora-gcc 1.0.3 54.66 NOTE
r-devel-windows-x86_64 1.0.3 11.00 45.00 56.00 OK
r-devel-windows-x86_64-gcc10-UCRT 1.0.3 NOTE
r-patched-linux-x86_64 1.0.3 6.32 38.93 45.25 OK
r-patched-solaris-x86 1.0.3 82.80 NOTE
r-release-linux-x86_64 1.0.3 6.12 39.22 45.34 OK
r-release-macos-arm64 1.0.3 NOTE
r-release-macos-x86_64 1.0.3 NOTE
r-release-windows-ix86+x86_64 1.0.3 19.00 76.00 95.00 OK
r-oldrel-macos-x86_64 1.0.3 NOTE
r-oldrel-windows-ix86+x86_64 1.0.3 21.00 75.00 96.00 OK

Check Details

Version: 1.0.3
Check: dependencies in R code
Result: NOTE
    Namespace in Imports field not imported from: ‘Rdpack’
     All declared Imports should be used.
Flavors: r-devel-linux-x86_64-fedora-clang, r-devel-linux-x86_64-fedora-gcc, r-devel-windows-x86_64-gcc10-UCRT, r-patched-solaris-x86, r-release-macos-arm64, r-release-macos-x86_64, r-oldrel-macos-x86_64