CRAN Package Check Results for Package changepoint.np

Last updated on 2020-01-25 17:47:27 CET.

Flavor Version Tinstall Tcheck Ttotal Status Flags
r-devel-linux-x86_64-debian-clang 1.0.1 6.00 36.66 42.66 WARN
r-devel-linux-x86_64-debian-gcc 1.0.1 4.56 29.51 34.07 OK
r-devel-linux-x86_64-fedora-clang 1.0.1 52.11 WARN
r-devel-linux-x86_64-fedora-gcc 1.0.1 51.33 NOTE
r-devel-windows-ix86+x86_64 1.0.1 26.00 88.00 114.00 OK
r-devel-windows-ix86+x86_64-gcc8 1.0.1 29.00 84.00 113.00 OK
r-patched-linux-x86_64 1.0.1 4.39 33.21 37.60 OK
r-patched-solaris-x86 1.0.1 70.00 NOTE
r-release-linux-x86_64 1.0.1 4.29 32.87 37.16 OK
r-release-windows-ix86+x86_64 1.0.1 14.00 75.00 89.00 OK
r-release-osx-x86_64 1.0.1 WARN
r-oldrel-windows-ix86+x86_64 1.0.1 10.00 76.00 86.00 OK
r-oldrel-osx-x86_64 1.0.1 WARN

Check Details

Version: 1.0.1
Check: whether package can be installed
Result: WARN
    Found the following significant warnings:
     costfunctions.c:33:12: warning: explicitly assigning value of variable of type 'double' to itself [-Wself-assign]
     costfunctions.c:57:12: warning: explicitly assigning value of variable of type 'double' to itself [-Wself-assign]
Flavors: r-devel-linux-x86_64-debian-clang, r-devel-linux-x86_64-fedora-clang, r-release-osx-x86_64, r-oldrel-osx-x86_64

Version: 1.0.1
Check: dependencies in R code
Result: NOTE
    Namespace in Imports field not imported from: ‘Rdpack’
     All declared Imports should be used.
Flavors: r-devel-linux-x86_64-fedora-clang, r-devel-linux-x86_64-fedora-gcc, r-patched-solaris-x86, r-release-osx-x86_64, r-oldrel-osx-x86_64