CRAN Package Check Results for Package changepoint.np

Last updated on 2020-08-10 04:47:24 CEST.

Flavor Version Tinstall Tcheck Ttotal Status Flags
r-devel-linux-x86_64-debian-clang 1.0.2 5.98 37.30 43.28 OK
r-devel-linux-x86_64-debian-gcc 1.0.2 4.90 28.91 33.81 OK
r-devel-linux-x86_64-fedora-clang 1.0.2 59.96 NOTE
r-devel-linux-x86_64-fedora-gcc 1.0.2 50.18 NOTE
r-devel-windows-ix86+x86_64 1.0.2 26.00 79.00 105.00 OK
r-patched-linux-x86_64 1.0.2 5.36 37.23 42.59 OK
r-patched-solaris-x86 1.0.2 76.80 NOTE
r-release-linux-x86_64 1.0.2 5.83 37.24 43.07 OK
r-release-macos-x86_64 1.0.2 NOTE
r-release-windows-ix86+x86_64 1.0.2 23.00 59.00 82.00 OK
r-oldrel-macos-x86_64 1.0.2 NOTE
r-oldrel-windows-ix86+x86_64 1.0.2 13.00 78.00 91.00 OK

Check Details

Version: 1.0.2
Check: dependencies in R code
Result: NOTE
    Namespace in Imports field not imported from: ‘Rdpack’
     All declared Imports should be used.
Flavors: r-devel-linux-x86_64-fedora-clang, r-devel-linux-x86_64-fedora-gcc, r-patched-solaris-x86, r-release-macos-x86_64, r-oldrel-macos-x86_64