Last updated on 2023-03-22 17:50:07 CET.
Flavor | Version | Tinstall | Tcheck | Ttotal | Status | Flags |
---|---|---|---|---|---|---|
r-devel-linux-x86_64-debian-clang | 0.3.3 | 55.60 | 32.05 | 87.65 | OK | |
r-devel-linux-x86_64-debian-gcc | 0.3.3 | 41.42 | 25.13 | 66.55 | OK | |
r-devel-linux-x86_64-fedora-clang | 0.3.3 | 126.78 | WARN | |||
r-devel-linux-x86_64-fedora-gcc | 0.3.3 | 107.35 | OK | |||
r-devel-windows-x86_64 | 0.3.3 | 59.00 | 86.00 | 145.00 | OK | |
r-patched-linux-x86_64 | 0.3.3 | 39.16 | 32.64 | 71.80 | OK | |
r-release-linux-x86_64 | 0.3.3 | 40.75 | 32.67 | 73.42 | OK | |
r-release-macos-arm64 | 0.3.3 | 31.00 | OK | |||
r-release-macos-x86_64 | 0.3.3 | 41.00 | OK | |||
r-release-windows-x86_64 | 0.3.3 | 63.00 | 82.00 | 145.00 | OK | |
r-oldrel-macos-arm64 | 0.3.3 | 42.00 | OK | |||
r-oldrel-macos-x86_64 | 0.3.3 | 56.00 | OK | |||
r-oldrel-windows-ix86+x86_64 | 0.3.3 | 121.00 | 90.00 | 211.00 | OK |
Version: 0.3.3
Check: whether package can be installed
Result: WARN
Found the following significant warnings:
rank_one_changepoints.cpp:258:55: warning: variable 'temp_regularizer' is uninitialized when used here [-Wuninitialized]
See ‘/data/gannet/ripley/R/packages/tests-clang/changepointsHD.Rcheck/00install.out’ for details.
* used C++ compiler: ‘clang version 16.0.0’
Flavor: r-devel-linux-x86_64-fedora-clang