CRAN Package Check Results for Package charlatan

Last updated on 2019-08-22 00:51:09 CEST.

Flavor Version Tinstall Tcheck Ttotal Status Flags
r-devel-linux-x86_64-debian-clang 0.3.0 19.38 74.08 93.46 OK
r-devel-linux-x86_64-debian-gcc 0.3.0 19.67 56.31 75.98 OK
r-devel-linux-x86_64-fedora-clang 0.3.0 121.26 OK
r-devel-linux-x86_64-fedora-gcc 0.3.0 111.72 OK
r-devel-windows-ix86+x86_64 0.3.0 40.00 111.00 151.00 OK
r-patched-linux-x86_64 0.3.0 19.28 73.07 92.35 OK
r-patched-solaris-x86 0.3.0 157.00 NOTE
r-release-linux-x86_64 0.3.0 20.20 71.67 91.87 OK
r-release-windows-ix86+x86_64 0.3.0 37.00 115.00 152.00 OK
r-release-osx-x86_64 0.3.0 OK
r-oldrel-windows-ix86+x86_64 0.3.0 34.00 114.00 148.00 OK
r-oldrel-osx-x86_64 0.3.0 OK

Check Details

Version: 0.3.0
Check: package dependencies
Result: NOTE
    Package suggested but not available for checking: ‘iptools’
Flavor: r-patched-solaris-x86