CRAN Package Check Results for Package charlatan

Last updated on 2019-05-22 08:53:09 CEST.

Flavor Version Tinstall Tcheck Ttotal Status Flags
r-devel-linux-x86_64-debian-clang 0.3.0 20.28 75.92 96.20 OK
r-devel-linux-x86_64-debian-gcc 0.3.0 18.93 57.76 76.69 OK
r-devel-linux-x86_64-fedora-clang 0.3.0 116.87 OK
r-devel-linux-x86_64-fedora-gcc 0.3.0 106.19 OK
r-devel-windows-ix86+x86_64 0.3.0 30.00 139.00 169.00 OK
r-patched-linux-x86_64 0.3.0 20.98 71.27 92.25 OK
r-patched-solaris-x86 0.3.0 151.30 NOTE
r-release-linux-x86_64 0.3.0 18.75 72.65 91.40 OK
r-release-windows-ix86+x86_64 0.3.0 40.00 112.00 152.00 OK
r-release-osx-x86_64 0.3.0 OK
r-oldrel-windows-ix86+x86_64 0.3.0 27.00 80.00 107.00 OK
r-oldrel-osx-x86_64 0.3.0 OK

Check Details

Version: 0.3.0
Check: package dependencies
Result: NOTE
    Package suggested but not available for checking: ‘iptools’
Flavor: r-patched-solaris-x86