CRAN Package Check Results for Package cheb

Last updated on 2021-04-17 19:49:38 CEST.

Flavor Version Tinstall Tcheck Ttotal Status Flags
r-devel-linux-x86_64-debian-clang 0.3 2.61 19.49 22.10 NOTE
r-devel-linux-x86_64-debian-gcc 0.3 2.06 15.51 17.57 NOTE
r-devel-linux-x86_64-fedora-clang 0.3 37.03 NOTE
r-devel-linux-x86_64-fedora-gcc 0.3 27.16 NOTE
r-devel-windows-ix86+x86_64 0.3 7.00 39.00 46.00 NOTE
r-devel-windows-x86_64-gcc10-UCRT 0.3 NOTE
r-patched-linux-x86_64 0.3 2.34 18.74 21.08 NOTE
r-patched-solaris-x86 0.3 41.80 NOTE
r-release-linux-x86_64 0.3 2.41 18.82 21.23 NOTE
r-release-macos-x86_64 0.3 NOTE
r-release-windows-ix86+x86_64 0.3 7.00 27.00 34.00 NOTE
r-oldrel-macos-x86_64 0.3 NOTE
r-oldrel-windows-ix86+x86_64 0.3 7.00 48.00 55.00 NOTE

Check Details

Version: 0.3
Check: DESCRIPTION meta-information
Result: NOTE
    Malformed Description field: should contain one or more complete sentences.
Flavors: r-devel-linux-x86_64-debian-clang, r-devel-linux-x86_64-debian-gcc, r-devel-linux-x86_64-fedora-clang, r-devel-linux-x86_64-fedora-gcc, r-devel-windows-ix86+x86_64, r-devel-windows-x86_64-gcc10-UCRT, r-patched-linux-x86_64, r-patched-solaris-x86, r-release-linux-x86_64, r-release-macos-x86_64, r-release-windows-ix86+x86_64, r-oldrel-macos-x86_64, r-oldrel-windows-ix86+x86_64

Version: 0.3
Check: Rd line widths
Result: NOTE
    Rd file 'chebR.Rd':
     \examples lines wider than 100 characters:
     return(list(coefs=rlist$xx[1:n],resids=rlist$bb[1:m],rank=rlist$rank,iter=rlist$iter,ocode=rlist$ocode))
    
    These lines will be truncated in the PDF manual.
Flavors: r-devel-linux-x86_64-debian-clang, r-devel-linux-x86_64-debian-gcc, r-devel-linux-x86_64-fedora-clang, r-devel-linux-x86_64-fedora-gcc, r-patched-linux-x86_64, r-release-linux-x86_64

Version: 0.3
Check: compiled code
Result: NOTE
    File ‘cheb/libs/cheb.so’:
     Found no calls to: ‘R_registerRoutines’, ‘R_useDynamicSymbols’
    
    It is good practice to register native routines and to disable symbol
    search.
    
    See ‘Writing portable packages’ in the ‘Writing R Extensions’ manual.
Flavors: r-devel-linux-x86_64-fedora-clang, r-devel-linux-x86_64-fedora-gcc