Last updated on 2021-04-22 04:48:20 CEST.
Flavor | Version | Tinstall | Tcheck | Ttotal | Status | Flags |
---|---|---|---|---|---|---|
r-devel-linux-x86_64-debian-clang | 0.1.0 | 10.34 | 80.49 | 90.83 | NOTE | |
r-devel-linux-x86_64-debian-gcc | 0.1.0 | 7.84 | 62.67 | 70.51 | NOTE | |
r-devel-linux-x86_64-fedora-clang | 0.1.0 | 115.84 | NOTE | |||
r-devel-linux-x86_64-fedora-gcc | 0.1.0 | 106.30 | NOTE | |||
r-devel-windows-ix86+x86_64 | 0.1.0 | 17.00 | 125.00 | 142.00 | NOTE | |
r-devel-windows-x86_64-gcc10-UCRT | 0.1.0 | NOTE | ||||
r-patched-linux-x86_64 | 0.1.0 | 14.02 | 79.12 | 93.14 | OK | |
r-patched-solaris-x86 | 0.1.0 | 127.90 | OK | |||
r-release-linux-x86_64 | 0.1.0 | 9.90 | 78.73 | 88.63 | OK | |
r-release-macos-x86_64 | 0.1.0 | OK | ||||
r-release-windows-ix86+x86_64 | 0.1.0 | 16.00 | 88.00 | 104.00 | OK | |
r-oldrel-macos-x86_64 | 0.1.0 | OK | ||||
r-oldrel-windows-ix86+x86_64 | 0.1.0 | 21.00 | 142.00 | 163.00 | OK |
Version: 0.1.0
Check: LazyData
Result: NOTE
'LazyData' is specified without a 'data' directory
Flavors: r-devel-linux-x86_64-debian-clang, r-devel-linux-x86_64-debian-gcc, r-devel-linux-x86_64-fedora-clang, r-devel-linux-x86_64-fedora-gcc, r-devel-windows-ix86+x86_64, r-devel-windows-x86_64-gcc10-UCRT