CRAN Package Check Results for Package checkmate

Last updated on 2020-07-09 07:49:17 CEST.

Flavor Version Tinstall Tcheck Ttotal Status Flags
r-devel-linux-x86_64-debian-clang 2.0.0 9.81 75.06 84.87 OK
r-devel-linux-x86_64-debian-gcc 2.0.0 7.95 56.39 64.34 OK
r-devel-linux-x86_64-fedora-clang 2.0.0 107.71 OK
r-devel-linux-x86_64-fedora-gcc 2.0.0 103.29 OK
r-devel-windows-ix86+x86_64 2.0.0 33.00 113.00 146.00 OK
r-patched-linux-x86_64 2.0.0 9.16 73.48 82.64 OK
r-patched-solaris-x86 2.0.0 126.00 ERROR
r-release-linux-x86_64 2.0.0 8.69 74.17 82.86 OK
r-release-osx-x86_64 2.0.0 OK
r-release-windows-ix86+x86_64 2.0.0 39.00 108.00 147.00 OK
r-oldrel-osx-x86_64 2.0.0 OK
r-oldrel-windows-ix86+x86_64 2.0.0 31.00 154.00 185.00 OK

Check Details

Version: 2.0.0
Check: tests
Result: ERROR
     Running ‘test-all.R’ [17s/20s]
    Running the tests in ‘tests/test-all.R’ failed.
    Complete output:
     > library(testthat)
     > test_check("checkmate")
     Loading required package: checkmate
     ── 1. Failure: checkNames (@test_checkNames.R#34) ─────────────────────────────
     testNames("ä", type = "strict") isn't false.
    
     ── 2. Failure: checkNames (@test_checkNames.R#35) ─────────────────────────────
     testNames("ä", type = "ids") isn't false.
    
     ══ testthat results ═══════════════════════════════════════════════════════════
     [ OK: 2899 | SKIPPED: 1 | WARNINGS: 0 | FAILED: 2 ]
     1. Failure: checkNames (@test_checkNames.R#34)
     2. Failure: checkNames (@test_checkNames.R#35)
    
     Error: testthat unit tests failed
     Execution halted
Flavor: r-patched-solaris-x86