CRAN Package Check Results for Package chemmodlab

Last updated on 2020-02-29 05:47:42 CET.

Flavor Version Tinstall Tcheck Ttotal Status Flags
r-devel-linux-x86_64-debian-clang 1.0.0 5.03 44.58 49.61 OK
r-devel-linux-x86_64-debian-gcc 1.0.0 4.21 35.41 39.62 OK
r-devel-linux-x86_64-fedora-clang 1.0.0 58.76 NOTE
r-devel-linux-x86_64-fedora-gcc 1.0.0 60.76 NOTE
r-devel-windows-ix86+x86_64 1.0.0 18.00 83.00 101.00 OK
r-devel-windows-ix86+x86_64-gcc8 1.0.0 10.00 53.00 63.00 OK
r-patched-linux-x86_64 1.0.0 3.64 39.90 43.54 OK
r-patched-solaris-x86 1.0.0 79.50 NOTE
r-release-linux-x86_64 1.0.0 4.18 40.38 44.56 OK
r-release-windows-ix86+x86_64 1.0.0 9.00 85.00 94.00 OK
r-release-osx-x86_64 1.0.0 NOTE
r-oldrel-windows-ix86+x86_64 1.0.0 6.00 48.00 54.00 OK
r-oldrel-osx-x86_64 1.0.0 NOTE

Check Details

Version: 1.0.0
Check: dependencies in R code
Result: NOTE
    Namespaces in Imports field not imported from:
     ‘datasets’ ‘foreach’
     All declared Imports should be used.
Flavors: r-devel-linux-x86_64-fedora-clang, r-devel-linux-x86_64-fedora-gcc, r-patched-solaris-x86, r-release-osx-x86_64, r-oldrel-osx-x86_64