CRAN Package Check Results for Package chest

Last updated on 2020-05-31 08:49:43 CEST.

Flavor Version Tinstall Tcheck Ttotal Status Flags
r-devel-linux-x86_64-debian-clang 0.3.1 11.44 118.65 130.09 OK
r-devel-linux-x86_64-debian-gcc 0.3.1 9.92 91.50 101.42 OK
r-devel-linux-x86_64-fedora-clang 0.3.1 152.57 NOTE
r-devel-linux-x86_64-fedora-gcc 0.3.1 148.29 NOTE
r-devel-windows-ix86+x86_64 0.3.1 37.00 171.00 208.00 OK
r-patched-linux-x86_64 0.3.1 9.29 115.70 124.99 OK
r-patched-solaris-x86 0.3.1 223.10 NOTE
r-release-linux-x86_64 0.3.1 12.20 116.38 128.58 OK
r-release-osx-x86_64 0.3.1 NOTE
r-release-windows-ix86+x86_64 0.3.1 28.00 137.00 165.00 OK
r-oldrel-osx-x86_64 0.3.1 NOTE
r-oldrel-windows-ix86+x86_64 0.3.1 19.00 130.00 149.00 OK

Check Details

Version: 0.3.1
Check: dependencies in R code
Result: NOTE
    Namespace in Imports field not imported from: ‘magrittr’
     All declared Imports should be used.
Flavors: r-devel-linux-x86_64-fedora-clang, r-devel-linux-x86_64-fedora-gcc, r-patched-solaris-x86, r-release-osx-x86_64, r-oldrel-osx-x86_64