CRAN Package Check Results for Package chicane

Last updated on 2019-03-25 00:46:26 CET.

Flavor Version Tinstall Tcheck Ttotal Status Flags
r-devel-linux-x86_64-debian-clang 0.1.0 8.59 210.68 219.27 WARN
r-devel-linux-x86_64-debian-gcc 0.1.0 7.47 233.38 240.85 OK
r-devel-linux-x86_64-fedora-clang 0.1.0 281.82 OK
r-devel-linux-x86_64-fedora-gcc 0.1.0 260.02 OK
r-devel-windows-ix86+x86_64 0.1.0 25.00 307.00 332.00 OK
r-patched-linux-x86_64 0.1.0 5.90 229.84 235.74 OK
r-patched-solaris-x86 0.1.0 402.00 OK
r-release-linux-x86_64 0.1.0 5.03 227.99 233.02 OK
r-release-windows-ix86+x86_64 0.1.0 11.00 239.00 250.00 OK
r-release-osx-x86_64 0.1.0 WARN
r-oldrel-windows-ix86+x86_64 0.1.0 11.00 286.00 297.00 OK
r-oldrel-osx-x86_64 0.1.0 WARN

Check Details

Version: 0.1.0
Check: whether package can be installed
Result: WARN
    Found the following significant warnings:
     Warning: unable to re-encode 'fill.in.zeros.R' line 82
     Warning: unable to re-encode 'run.model.fitting.R' line 66
Flavor: r-devel-linux-x86_64-debian-clang

Version: 0.1.0
Check: package dependencies
Result: NOTE
    Packages suggested but not available for checking:
     ‘GenomicInteractions’ ‘Gviz’
Flavors: r-release-osx-x86_64, r-oldrel-osx-x86_64

Version: 0.1.0
Check: re-building of vignette outputs
Result: WARN
    Error in re-building vignettes:
     ...
    Warning in engine$weave(file, quiet = quiet, encoding = enc) :
     Pandoc (>= 1.12.3) and/or pandoc-citeproc not available. Falling back to R Markdown v1.
    Warning in engine$weave(file, quiet = quiet, encoding = enc) :
     Pandoc (>= 1.12.3) and/or pandoc-citeproc not available. Falling back to R Markdown v1.
    Quitting from lines 41-105 (Visualising_Interactions.Rmd)
    Error: processing vignette 'Visualising_Interactions.Rmd' failed with diagnostics:
    there is no package called 'GenomicInteractions'
    Execution halted
Flavors: r-release-osx-x86_64, r-oldrel-osx-x86_64