CRAN Package Check Results for Package childhoodmortality

Last updated on 2022-01-29 02:49:42 CET.

Flavor Version Tinstall Tcheck Ttotal Status Flags
r-devel-linux-x86_64-debian-clang 0.3.0 2.31 39.33 41.64 NOTE
r-devel-linux-x86_64-debian-gcc 0.3.0 1.66 29.76 31.42 NOTE
r-devel-linux-x86_64-fedora-clang 0.3.0 49.65 OK
r-devel-linux-x86_64-fedora-gcc 0.3.0 37.92 OK
r-devel-windows-x86_64-new-UL 0.3.0 84.00 61.00 145.00 NOTE
r-devel-windows-x86_64-new-TK 0.3.0 OK
r-patched-linux-x86_64 0.3.0 1.79 35.26 37.05 NOTE
r-release-linux-x86_64 0.3.0 2.10 35.02 37.12 NOTE
r-release-macos-arm64 0.3.0 OK
r-release-macos-x86_64 0.3.0 OK
r-release-windows-ix86+x86_64 0.3.0 5.00 45.00 50.00 NOTE
r-oldrel-macos-x86_64 0.3.0 OK
r-oldrel-windows-ix86+x86_64 0.3.0 6.00 46.00 52.00 NOTE

Check Details

Version: 0.3.0
Check: package vignettes
Result: NOTE
    Package vignette with placeholder title 'Vignette Title':
     'childhoodmortality.Rmd'
Flavors: r-devel-linux-x86_64-debian-clang, r-devel-linux-x86_64-debian-gcc, r-devel-windows-x86_64-new-UL, r-patched-linux-x86_64, r-release-linux-x86_64, r-release-windows-ix86+x86_64, r-oldrel-windows-ix86+x86_64