CRAN Package Check Results for Package chkptstanr

Last updated on 2023-05-29 01:56:47 CEST.

Flavor Version Tinstall Tcheck Ttotal Status Flags
r-devel-linux-x86_64-debian-clang 0.1.1 20.14 188.97 209.11 NOTE
r-devel-linux-x86_64-debian-gcc 0.1.1 15.21 140.59 155.80 NOTE
r-devel-linux-x86_64-fedora-clang 0.1.1 266.51 NOTE
r-devel-linux-x86_64-fedora-gcc 0.1.1 259.79 NOTE
r-devel-windows-x86_64 0.1.1 17.00 154.00 171.00 NOTE
r-patched-linux-x86_64 0.1.1 27.76 175.74 203.50 NOTE
r-release-linux-x86_64 0.1.1 13.16 174.82 187.98 NOTE
r-release-macos-arm64 0.1.1 90.00 NOTE
r-release-macos-x86_64 0.1.1 141.00 NOTE
r-release-windows-x86_64 0.1.1 25.00 193.00 218.00 NOTE
r-oldrel-macos-arm64 0.1.1 72.00 NOTE
r-oldrel-macos-x86_64 0.1.1 108.00 NOTE
r-oldrel-windows-x86_64 0.1.1 26.00 191.00 217.00 NOTE

Check Details

Version: 0.1.1
Check: package dependencies
Result: NOTE
    Package suggested but not available for checking: ‘cmdstanr’
Flavors: r-devel-linux-x86_64-debian-clang, r-devel-linux-x86_64-debian-gcc, r-devel-linux-x86_64-fedora-clang, r-devel-linux-x86_64-fedora-gcc, r-devel-windows-x86_64, r-patched-linux-x86_64, r-release-linux-x86_64, r-release-macos-arm64, r-release-macos-x86_64, r-release-windows-x86_64, r-oldrel-macos-arm64, r-oldrel-macos-x86_64, r-oldrel-windows-x86_64

Version: 0.1.1
Check: Rd cross-references
Result: NOTE
    Package unavailable to check Rd xrefs: ‘cmdstanr’
Flavors: r-devel-linux-x86_64-debian-clang, r-devel-linux-x86_64-debian-gcc, r-devel-linux-x86_64-fedora-clang, r-devel-linux-x86_64-fedora-gcc, r-devel-windows-x86_64, r-patched-linux-x86_64, r-release-linux-x86_64, r-release-macos-arm64, r-release-macos-x86_64, r-release-windows-x86_64, r-oldrel-macos-arm64, r-oldrel-macos-x86_64, r-oldrel-windows-x86_64

Version: 0.1.1
Check: dependencies in R code
Result: NOTE
    Namespace in Imports field not imported from: ‘Rdpack’
     All declared Imports should be used.
Flavors: r-devel-linux-x86_64-fedora-clang, r-devel-linux-x86_64-fedora-gcc, r-oldrel-macos-arm64, r-oldrel-macos-x86_64