CRAN Package Check Results for Package chkptstanr

Last updated on 2022-06-29 14:51:14 CEST.

Flavor Version Tinstall Tcheck Ttotal Status Flags
r-devel-linux-x86_64-debian-clang 0.1.1 19.89 189.74 209.63 NOTE
r-devel-linux-x86_64-debian-gcc 0.1.1 16.86 139.94 156.80 NOTE
r-devel-linux-x86_64-fedora-clang 0.1.1 254.76 WARN
r-devel-linux-x86_64-fedora-gcc 0.1.1 252.39 WARN
r-devel-windows-x86_64 0.1.1 39.00 217.00 256.00 NOTE
r-patched-linux-x86_64 0.1.1 26.65 180.72 207.37 NOTE
r-release-linux-x86_64 0.1.1 14.77 181.02 195.79 NOTE
r-release-macos-arm64 0.1.1 72.00 NOTE
r-release-macos-x86_64 0.1.1 108.00 NOTE
r-release-windows-x86_64 0.1.1 39.00 202.00 241.00 NOTE
r-oldrel-macos-arm64 0.1.1 76.00 NOTE
r-oldrel-macos-x86_64 0.1.1 108.00 NOTE
r-oldrel-windows-ix86+x86_64 0.1.1 49.00 204.00 253.00 NOTE

Check Details

Version: 0.1.1
Check: package dependencies
Result: NOTE
    Package suggested but not available for checking: 'cmdstanr'
Flavors: r-devel-linux-x86_64-debian-clang, r-devel-linux-x86_64-debian-gcc, r-devel-windows-x86_64, r-patched-linux-x86_64, r-release-linux-x86_64, r-release-macos-arm64, r-release-macos-x86_64, r-release-windows-x86_64, r-oldrel-macos-arm64, r-oldrel-macos-x86_64, r-oldrel-windows-ix86+x86_64

Version: 0.1.1
Check: Rd cross-references
Result: NOTE
    Package unavailable to check Rd xrefs: 'cmdstanr'
Flavors: r-devel-linux-x86_64-debian-clang, r-devel-linux-x86_64-debian-gcc, r-devel-linux-x86_64-fedora-clang, r-devel-linux-x86_64-fedora-gcc, r-devel-windows-x86_64, r-patched-linux-x86_64, r-release-linux-x86_64, r-release-macos-arm64, r-release-macos-x86_64, r-release-windows-x86_64, r-oldrel-macos-arm64, r-oldrel-macos-x86_64, r-oldrel-windows-ix86+x86_64

Version: 0.1.1
Check: package dependencies
Result: WARN
    Package suggested but not available for checking: ‘cmdstanr’
    
    Requires (indirectly) orphaned package: ‘gtools’
Flavors: r-devel-linux-x86_64-fedora-clang, r-devel-linux-x86_64-fedora-gcc

Version: 0.1.1
Check: dependencies in R code
Result: NOTE
    Namespace in Imports field not imported from: ‘Rdpack’
     All declared Imports should be used.
Flavors: r-devel-linux-x86_64-fedora-clang, r-devel-linux-x86_64-fedora-gcc, r-release-macos-arm64, r-release-macos-x86_64, r-oldrel-macos-arm64, r-oldrel-macos-x86_64