Last updated on 2025-01-25 13:51:00 CET.
Flavor | Version | Tinstall | Tcheck | Ttotal | Status | Flags |
---|---|---|---|---|---|---|
r-devel-linux-x86_64-debian-clang | 1.0.2 | 25.08 | 332.88 | 357.96 | NOTE | |
r-devel-linux-x86_64-debian-gcc | 1.0.2 | 15.02 | 208.85 | 223.87 | NOTE | |
r-devel-linux-x86_64-fedora-clang | 1.0.2 | 346.76 | OK | |||
r-devel-linux-x86_64-fedora-gcc | 1.0.2 | 579.66 | NOTE | |||
r-devel-windows-x86_64 | 1.0.2 | 24.00 | 271.00 | 295.00 | OK | |
r-patched-linux-x86_64 | 1.0.2 | 23.80 | 310.47 | 334.27 | OK | |
r-release-linux-x86_64 | 1.0.2 | 22.94 | 311.52 | 334.46 | OK | |
r-release-macos-arm64 | 1.0.2 | 112.00 | ERROR | |||
r-release-macos-x86_64 | 1.0.2 | 208.00 | OK | |||
r-release-windows-x86_64 | 1.0.2 | 23.00 | 474.00 | 497.00 | OK | |
r-oldrel-macos-arm64 | 1.0.2 | 157.00 | ERROR | |||
r-oldrel-macos-x86_64 | 1.0.2 | 185.00 | OK | |||
r-oldrel-windows-x86_64 | 1.0.2 | 31.00 | 368.00 | 399.00 | ERROR |
Version: 1.0.2
Check: DESCRIPTION meta-information
Result: NOTE
Missing dependency on R >= 4.1.0 because package code uses the pipe
|> or function shorthand \(...) syntax added in R 4.1.0.
File(s) using such syntax:
‘compare_gcms.R’ ‘kmeans_gcms.R’ ‘transform_gcms.R’
Flavors: r-devel-linux-x86_64-debian-clang, r-devel-linux-x86_64-debian-gcc, r-devel-linux-x86_64-fedora-gcc
Version: 1.0.2
Check: re-building of vignette outputs
Result: ERROR
Error(s) in re-building vignettes:
--- re-building ‘README.Rmd’ using rmarkdown
File man/figures/logo.png not found in resource path
Error: processing vignette 'README.Rmd' failed with diagnostics:
pandoc document conversion failed with error 99
--- failed re-building ‘README.Rmd’
SUMMARY: processing the following file failed:
‘README.Rmd’
Error: Vignette re-building failed.
Execution halted
Flavors: r-release-macos-arm64, r-oldrel-macos-arm64, r-oldrel-windows-x86_64