CRAN Package Check Results for Package chords

Last updated on 2024-03-01 11:53:37 CET.

Flavor Version Tinstall Tcheck Ttotal Status Flags
r-devel-linux-x86_64-debian-clang 0.95.4 7.57 78.45 86.02 NOTE
r-devel-linux-x86_64-debian-gcc 0.95.4 5.46 58.97 64.43 NOTE
r-devel-linux-x86_64-fedora-clang 0.95.4 104.46 NOTE
r-devel-linux-x86_64-fedora-gcc 0.95.4 108.13 NOTE
r-devel-windows-x86_64 0.95.4 7.00 73.00 80.00 OK
r-patched-linux-x86_64 0.95.4 8.48 77.84 86.32 OK
r-release-linux-x86_64 0.95.4 6.68 78.19 84.87 OK
r-release-macos-arm64 0.95.4 35.00 OK
r-release-macos-x86_64 0.95.4 54.00 OK
r-release-windows-x86_64 0.95.4 9.00 83.00 92.00 OK
r-oldrel-macos-arm64 0.95.4 36.00 OK
r-oldrel-windows-x86_64 0.95.4 9.00 90.00 99.00 OK

Check Details

Version: 0.95.4
Check: Rd files
Result: NOTE checkRd: (-1) Estimate.b.k.Rd:23: Lost braces in \itemize; meant \describe ? checkRd: (-1) Estimate.b.k.Rd:24: Lost braces in \itemize; meant \describe ? checkRd: (-1) Estimate.b.k.Rd:25: Lost braces in \itemize; meant \describe ? checkRd: (-1) Estimate.b.k.Rd:26: Lost braces in \itemize; meant \describe ? checkRd: (-1) Estimate.b.k.Rd:27: Lost braces in \itemize; meant \describe ? checkRd: (-1) Estimate.b.k.Rd:28: Lost braces in \itemize; meant \describe ? checkRd: (-1) Estimate.b.k.Rd:29: Lost braces in \itemize; meant \describe ? checkRd: (-1) initializeRdsObject.Rd:28: Lost braces in \enumerate; meant \describe ? checkRd: (-1) initializeRdsObject.Rd:29: Lost braces in \enumerate; meant \describe ? checkRd: (-1) initializeRdsObject.Rd:30: Lost braces in \enumerate; meant \describe ? checkRd: (-1) initializeRdsObject.Rd:31: Lost braces in \enumerate; meant \describe ? checkRd: (-1) initializeRdsObject.Rd:32: Lost braces in \enumerate; meant \describe ? checkRd: (-1) initializeRdsObject.Rd:33: Lost braces in \enumerate; meant \describe ? checkRd: (-1) initializeRdsObject.Rd:46: Lost braces in \itemize; \value handles \item{}{} directly checkRd: (-1) initializeRdsObject.Rd:47-50: Lost braces in \itemize; \value handles \item{}{} directly checkRd: (-1) initializeRdsObject.Rd:48: Lost braces 48 | \item{I.t}{An integer of the count of the sampling individuals at the moments of recruitment.} | ^ checkRd: (-1) initializeRdsObject.Rd:48: Lost braces 48 | \item{I.t}{An integer of the count of the sampling individuals at the moments of recruitment.} | ^ checkRd: (-1) initializeRdsObject.Rd:49: Lost braces 49 | \item{degree.in}{An integer with the degree of an added recruiter at the moments of recruitment.} | ^ checkRd: (-1) initializeRdsObject.Rd:49: Lost braces 49 | \item{degree.in}{An integer with the degree of an added recruiter at the moments of recruitment.} | ^ checkRd: (-1) initializeRdsObject.Rd:50: Lost braces 50 | \item{degree.out}{An integer with the degree of a removed recruiter at the moment of recruitment.}} | ^ checkRd: (-1) initializeRdsObject.Rd:50: Lost braces 50 | \item{degree.out}{An integer with the degree of a removed recruiter at the moment of recruitment.}} | ^ checkRd: (-1) initializeRdsObject.Rd:51: Lost braces in \itemize; \value handles \item{}{} directly checkRd: (-1) initializeRdsObject.Rd:52: Lost braces in \itemize; \value handles \item{}{} directly Flavors: r-devel-linux-x86_64-debian-clang, r-devel-linux-x86_64-debian-gcc, r-devel-linux-x86_64-fedora-clang, r-devel-linux-x86_64-fedora-gcc