CRAN Package Check Results for Package choroplethr

Last updated on 2021-05-18 16:48:20 CEST.

Flavor Version Tinstall Tcheck Ttotal Status Flags
r-devel-linux-x86_64-debian-clang 3.7.0 23.05 158.20 181.25 OK
r-devel-linux-x86_64-debian-gcc 3.7.0 19.83 116.67 136.50 OK
r-devel-linux-x86_64-fedora-clang 3.7.0 239.15 NOTE
r-devel-linux-x86_64-fedora-gcc 3.7.0 210.13 NOTE
r-devel-windows-ix86+x86_64 3.7.0 78.00 206.00 284.00 OK
r-devel-windows-x86_64-gcc10-UCRT 3.7.0 NOTE
r-patched-linux-x86_64 3.7.0 20.85 146.05 166.90 OK
r-patched-solaris-x86 3.7.0 320.80 NOTE
r-release-linux-x86_64 3.7.0 21.79 143.92 165.71 OK
r-release-macos-x86_64 3.7.0 NOTE
r-release-windows-ix86+x86_64 3.7.0 38.00 163.00 201.00 OK
r-oldrel-macos-x86_64 3.7.0 NOTE
r-oldrel-windows-ix86+x86_64 3.7.0 35.00 274.00 309.00 OK

Check Details

Version: 3.7.0
Check: data for non-ASCII characters
Result: NOTE
     Note: found 10 marked UTF-8 strings
Flavors: r-devel-linux-x86_64-fedora-clang, r-devel-linux-x86_64-fedora-gcc, r-devel-windows-x86_64-gcc10-UCRT, r-patched-solaris-x86, r-release-macos-x86_64, r-oldrel-macos-x86_64