CRAN Package Check Results for Package chorrrds

Last updated on 2020-04-02 04:47:41 CEST.

Flavor Version Tinstall Tcheck Ttotal Status Flags
r-devel-linux-x86_64-debian-clang 0.1.9.4 6.67 41.85 48.52 OK
r-devel-linux-x86_64-debian-gcc 0.1.9.4 6.31 34.41 40.72 OK
r-devel-linux-x86_64-fedora-clang 0.1.9.4 60.94 NOTE
r-devel-linux-x86_64-fedora-gcc 0.1.9.4 60.31 NOTE
r-devel-windows-ix86+x86_64 0.1.9.4 15.00 52.00 67.00 OK
r-devel-windows-ix86+x86_64-gcc8 0.1.9.4 16.00 53.00 69.00 OK
r-patched-linux-x86_64 0.1.9.4 7.50 41.35 48.85 OK
r-patched-solaris-x86 0.1.9.4 101.80 NOTE
r-release-linux-x86_64 0.1.9.4 6.46 39.66 46.12 OK
r-release-windows-ix86+x86_64 0.1.9.4 13.00 55.00 68.00 OK
r-release-osx-x86_64 0.1.9.4 NOTE
r-oldrel-windows-ix86+x86_64 0.1.9.4 14.00 76.00 90.00 OK
r-oldrel-osx-x86_64 0.1.9.4 NOTE

Check Details

Version: 0.1.9.4
Check: dependencies in R code
Result: NOTE
    Namespace in Imports field not imported from: ‘forcats’
     All declared Imports should be used.
Flavors: r-devel-linux-x86_64-fedora-clang, r-devel-linux-x86_64-fedora-gcc, r-patched-solaris-x86, r-release-osx-x86_64, r-oldrel-osx-x86_64

Version: 0.1.9.4
Check: data for non-ASCII characters
Result: NOTE
     Note: found 4004 marked UTF-8 strings
Flavors: r-devel-linux-x86_64-fedora-clang, r-devel-linux-x86_64-fedora-gcc, r-patched-solaris-x86, r-release-osx-x86_64, r-oldrel-osx-x86_64