Last updated on 2022-05-26 05:00:24 CEST.
Flavor | Version | Tinstall | Tcheck | Ttotal | Status | Flags |
---|---|---|---|---|---|---|
r-devel-linux-x86_64-debian-clang | 0.1 | 4.69 | 59.75 | 64.44 | NOTE | |
r-devel-linux-x86_64-debian-gcc | 0.1 | 4.35 | 45.48 | 49.83 | NOTE | |
r-devel-linux-x86_64-fedora-clang | 0.1 | 77.23 | NOTE | |||
r-devel-linux-x86_64-fedora-gcc | 0.1 | 75.56 | NOTE | |||
r-devel-windows-x86_64 | 0.1 | 14.00 | 79.00 | 93.00 | NOTE | |
r-patched-linux-x86_64 | 0.1 | 4.52 | 55.51 | 60.03 | NOTE | |
r-release-linux-x86_64 | 0.1 | NOTE | ||||
r-release-macos-arm64 | 0.1 | 22.00 | NOTE | |||
r-release-macos-x86_64 | 0.1 | 42.00 | NOTE | |||
r-release-windows-x86_64 | 0.1 | 14.00 | 77.00 | 91.00 | NOTE | |
r-oldrel-macos-arm64 | 0.1 | 29.00 | NOTE | |||
r-oldrel-macos-x86_64 | 0.1 | 43.00 | NOTE | |||
r-oldrel-windows-ix86+x86_64 | 0.1 | 13.00 | 62.00 | 75.00 | NOTE |
Version: 0.1
Check: DESCRIPTION meta-information
Result: NOTE
Malformed Description field: should contain one or more complete sentences.
Flavors: r-devel-linux-x86_64-debian-clang, r-devel-linux-x86_64-debian-gcc, r-devel-linux-x86_64-fedora-clang, r-devel-linux-x86_64-fedora-gcc, r-devel-windows-x86_64, r-patched-linux-x86_64, r-release-linux-x86_64, r-release-macos-arm64, r-release-macos-x86_64, r-release-windows-x86_64, r-oldrel-macos-arm64, r-oldrel-macos-x86_64, r-oldrel-windows-ix86+x86_64
Version: 0.1
Check: R code for possible problems
Result: NOTE
parse_counts: no visible global function definition for 'na.omit'
Undefined global functions or variables:
na.omit
Consider adding
importFrom("stats", "na.omit")
to your NAMESPACE file.
Flavors: r-devel-linux-x86_64-debian-clang, r-devel-linux-x86_64-debian-gcc, r-devel-linux-x86_64-fedora-clang, r-devel-linux-x86_64-fedora-gcc, r-devel-windows-x86_64, r-patched-linux-x86_64, r-release-linux-x86_64, r-release-macos-arm64, r-release-macos-x86_64, r-release-windows-x86_64, r-oldrel-macos-arm64, r-oldrel-macos-x86_64, r-oldrel-windows-ix86+x86_64