CRAN Package Check Results for Package chromoMap

Last updated on 2019-03-23 17:47:40 CET.

Flavor Version Tinstall Tcheck Ttotal Status Flags
r-devel-linux-x86_64-debian-clang 0.1 2.63 27.26 29.89 OK
r-devel-linux-x86_64-debian-gcc 0.1 1.83 22.39 24.22 OK
r-devel-linux-x86_64-fedora-clang 0.1 36.75 OK
r-devel-linux-x86_64-fedora-gcc 0.1 34.43 OK
r-devel-windows-ix86+x86_64 0.1 14.00 60.00 74.00 OK
r-patched-linux-x86_64 0.1 1.62 25.04 26.66 OK
r-patched-solaris-x86 0.1 57.50 OK
r-release-linux-x86_64 0.1 0.55 2.08 2.63 ERROR
r-release-windows-ix86+x86_64 0.1 4.00 54.00 58.00 OK
r-release-osx-x86_64 0.1 OK
r-oldrel-windows-ix86+x86_64 0.1 8.00 61.00 69.00 OK
r-oldrel-osx-x86_64 0.1 OK

Check Details

Version: 0.1
Check: whether package can be installed
Result: ERROR
    Installation failed.
Flavor: r-release-linux-x86_64