CRAN Package Check Results for Package chromoMap

Last updated on 2020-06-05 07:50:41 CEST.

Flavor Version Tinstall Tcheck Ttotal Status Flags
r-devel-linux-x86_64-debian-clang 0.2 2.93 29.27 32.20 OK
r-devel-linux-x86_64-debian-gcc 0.2 2.86 23.73 26.59 OK
r-devel-linux-x86_64-fedora-clang 0.2 47.46 NOTE
r-devel-linux-x86_64-fedora-gcc 0.2 39.96 NOTE
r-devel-windows-ix86+x86_64 0.2 12.00 65.00 77.00 OK
r-patched-linux-x86_64 0.2 3.63 29.85 33.48 OK
r-patched-solaris-x86 0.2 61.50 NOTE
r-release-linux-x86_64 0.2 3.55 29.59 33.14 OK
r-release-osx-x86_64 0.2 NOTE
r-release-windows-ix86+x86_64 0.2 9.00 50.00 59.00 OK
r-oldrel-osx-x86_64 0.2 NOTE
r-oldrel-windows-ix86+x86_64 0.2 11.00 57.00 68.00 OK

Check Details

Version: 0.2
Check: dependencies in R code
Result: NOTE
    Namespace in Imports field not imported from: ‘htmltools’
     All declared Imports should be used.
Flavors: r-devel-linux-x86_64-fedora-clang, r-devel-linux-x86_64-fedora-gcc, r-patched-solaris-x86, r-release-osx-x86_64, r-oldrel-osx-x86_64