CRAN Package Check Results for Package chromoMap

Last updated on 2019-05-20 22:53:29 CEST.

Flavor Version Tinstall Tcheck Ttotal Status Flags
r-devel-linux-x86_64-debian-clang 0.2 2.75 26.45 29.20 OK
r-devel-linux-x86_64-debian-gcc 0.2 2.24 21.48 23.72 OK
r-devel-linux-x86_64-fedora-clang 0.2 35.25 NOTE
r-devel-linux-x86_64-fedora-gcc 0.2 34.25 NOTE
r-devel-windows-ix86+x86_64 0.2 9.00 60.00 69.00 OK
r-patched-linux-x86_64 0.2 2.76 26.65 29.41 OK
r-patched-solaris-x86 0.2 54.30 NOTE
r-release-linux-x86_64 0.2 2.80 26.85 29.65 OK
r-release-windows-ix86+x86_64 0.2 9.00 56.00 65.00 OK
r-release-osx-x86_64 0.2 NOTE
r-oldrel-windows-ix86+x86_64 0.2 3.00 39.00 42.00 OK
r-oldrel-osx-x86_64 0.2 NOTE

Check Details

Version: 0.2
Check: dependencies in R code
Result: NOTE
    Namespace in Imports field not imported from: ‘htmltools’
     All declared Imports should be used.
Flavors: r-devel-linux-x86_64-fedora-clang, r-devel-linux-x86_64-fedora-gcc, r-patched-solaris-x86, r-release-osx-x86_64, r-oldrel-osx-x86_64