CRAN Package Check Results for Package chromoMap

Last updated on 2019-07-24 10:48:15 CEST.

Flavor Version Tinstall Tcheck Ttotal Status Flags
r-devel-linux-x86_64-debian-clang 0.2 2.83 26.56 29.39 OK
r-devel-linux-x86_64-debian-gcc 0.2 2.43 22.37 24.80 OK
r-devel-linux-x86_64-fedora-clang 0.2 36.06 NOTE
r-devel-linux-x86_64-fedora-gcc 0.2 35.23 NOTE
r-devel-windows-ix86+x86_64 0.2 6.00 60.00 66.00 OK
r-patched-linux-x86_64 0.2 2.90 27.05 29.95 OK
r-patched-solaris-x86 0.2 58.30 NOTE
r-release-linux-x86_64 0.2 3.06 26.87 29.93 OK
r-release-windows-ix86+x86_64 0.2 7.00 41.00 48.00 OK
r-release-osx-x86_64 0.2 NOTE
r-oldrel-windows-ix86+x86_64 0.2 5.00 55.00 60.00 OK
r-oldrel-osx-x86_64 0.2 NOTE

Check Details

Version: 0.2
Check: dependencies in R code
Result: NOTE
    Namespace in Imports field not imported from: ‘htmltools’
     All declared Imports should be used.
Flavors: r-devel-linux-x86_64-fedora-clang, r-devel-linux-x86_64-fedora-gcc, r-patched-solaris-x86, r-release-osx-x86_64, r-oldrel-osx-x86_64