CRAN Package Check Results for Package chromseq

Last updated on 2022-10-06 01:49:43 CEST.

Flavor Version Tinstall Tcheck Ttotal Status Flags
r-devel-linux-x86_64-debian-clang 0.1.3 2.40 23.17 25.57 OK
r-devel-linux-x86_64-debian-gcc 0.1.3 1.92 18.49 20.41 OK
r-devel-linux-x86_64-fedora-clang 0.1.3 45.12 NOTE
r-devel-linux-x86_64-fedora-gcc 0.1.3 41.11 NOTE
r-devel-windows-x86_64 0.1.3 14.00 49.00 63.00 OK
r-patched-linux-x86_64 0.1.3 2.33 22.24 24.57 OK
r-release-linux-x86_64 0.1.3 1.96 22.54 24.50 OK
r-release-macos-arm64 0.1.3 15.00 NOTE
r-release-macos-x86_64 0.1.3 20.00 NOTE
r-release-windows-x86_64 0.1.3 5.00 46.00 51.00 OK
r-oldrel-macos-arm64 0.1.3 19.00 NOTE
r-oldrel-macos-x86_64 0.1.3 26.00 NOTE
r-oldrel-windows-ix86+x86_64 0.1.3 5.00 30.00 35.00 OK

Check Details

Version: 0.1.3
Check: dependencies in R code
Result: NOTE
    Namespace in Imports field not imported from: ‘base’
     All declared Imports should be used.
Flavors: r-devel-linux-x86_64-fedora-clang, r-devel-linux-x86_64-fedora-gcc, r-release-macos-arm64, r-release-macos-x86_64, r-oldrel-macos-arm64, r-oldrel-macos-x86_64