CRAN Package Check Results for Package chromseq

Last updated on 2021-10-17 07:50:37 CEST.

Flavor Version Tinstall Tcheck Ttotal Status Flags
r-devel-linux-x86_64-debian-clang 0.1.3 2.05 21.50 23.55 OK
r-devel-linux-x86_64-debian-gcc 0.1.3 1.73 17.25 18.98 OK
r-devel-linux-x86_64-fedora-clang 0.1.3 39.79 NOTE
r-devel-linux-x86_64-fedora-gcc 0.1.3 29.17 NOTE
r-devel-windows-x86_64 0.1.3 5.00 40.00 45.00 OK
r-devel-windows-x86_64-gcc10-UCRT 0.1.3 NOTE
r-patched-linux-x86_64 0.1.3 2.25 21.36 23.61 OK
r-patched-solaris-x86 0.1.3 45.50 NOTE
r-release-linux-x86_64 0.1.3 1.83 21.27 23.10 OK
r-release-macos-arm64 0.1.3 NOTE
r-release-macos-x86_64 0.1.3 NOTE
r-release-windows-ix86+x86_64 0.1.3 5.00 30.00 35.00 OK
r-oldrel-macos-x86_64 0.1.3 NOTE
r-oldrel-windows-ix86+x86_64 0.1.3 7.00 27.00 34.00 OK

Check Details

Version: 0.1.3
Check: dependencies in R code
Result: NOTE
    Namespace in Imports field not imported from: ‘base’
     All declared Imports should be used.
Flavors: r-devel-linux-x86_64-fedora-clang, r-devel-linux-x86_64-fedora-gcc, r-devel-windows-x86_64-gcc10-UCRT, r-patched-solaris-x86, r-release-macos-arm64, r-release-macos-x86_64, r-oldrel-macos-x86_64