Last updated on 2021-02-25 08:47:55 CET.
Flavor | Version | Tinstall | Tcheck | Ttotal | Status | Flags |
---|---|---|---|---|---|---|
r-devel-linux-x86_64-debian-clang | 0.1.6.0 | 13.63 | 75.53 | 89.16 | OK | |
r-devel-linux-x86_64-debian-gcc | 0.1.6.0 | 9.06 | 57.61 | 66.67 | OK | |
r-devel-linux-x86_64-fedora-clang | 0.1.6.0 | 122.65 | OK | |||
r-devel-linux-x86_64-fedora-gcc | 0.1.6.0 | 111.37 | OK | |||
r-devel-windows-ix86+x86_64 | 0.1.6.0 | 16.00 | 75.00 | 91.00 | OK | |
r-patched-linux-x86_64 | 0.1.6.0 | 11.66 | 71.99 | 83.65 | OK | |
r-patched-solaris-x86 | 0.1.6.0 | 133.10 | NOTE | |||
r-release-linux-x86_64 | 0.1.6.0 | 12.06 | 71.69 | 83.75 | OK | |
r-release-macos-x86_64 | 0.1.6.0 | OK | ||||
r-release-windows-ix86+x86_64 | 0.1.6.0 | 28.00 | 93.00 | 121.00 | OK | |
r-oldrel-macos-x86_64 | 0.1.6.0 | OK | ||||
r-oldrel-windows-ix86+x86_64 | 0.1.6.0 | 14.00 | 90.00 | 104.00 | OK |
Version: 0.1.6.0
Check: installed package size
Result: NOTE
installed size is 5.6Mb
sub-directories of 1Mb or more:
extdata 4.8Mb
Flavor: r-patched-solaris-x86