Last updated on 2023-05-29 11:03:06 CEST.
Flavor | Version | Tinstall | Tcheck | Ttotal | Status | Flags |
---|---|---|---|---|---|---|
r-devel-linux-x86_64-debian-clang | 0.4-1 | 6.19 | 51.90 | 58.09 | NOTE | |
r-devel-linux-x86_64-debian-gcc | 0.4-1 | 4.94 | 39.40 | 44.34 | NOTE | |
r-devel-linux-x86_64-fedora-clang | 0.4-1 | 72.67 | NOTE | |||
r-devel-linux-x86_64-fedora-gcc | 0.4-1 | 78.86 | NOTE | |||
r-devel-windows-x86_64 | 0.4-1 | 8.00 | 63.00 | 71.00 | NOTE | |
r-patched-linux-x86_64 | 0.4-1 | 5.95 | 48.47 | 54.42 | NOTE | |
r-release-linux-x86_64 | 0.4-1 | 4.44 | 48.69 | 53.13 | NOTE | |
r-release-macos-arm64 | 0.4-1 | 33.00 | NOTE | |||
r-release-macos-x86_64 | 0.4-1 | 43.00 | NOTE | |||
r-release-windows-x86_64 | 0.4-1 | 8.00 | 67.00 | 75.00 | NOTE | |
r-oldrel-macos-arm64 | 0.4-1 | 28.00 | NOTE | |||
r-oldrel-macos-x86_64 | 0.4-1 | 45.00 | NOTE | |||
r-oldrel-windows-x86_64 | 0.4-1 | 8.00 | 68.00 | 76.00 | NOTE |
Version: 0.4-1
Check: LazyData
Result: NOTE
'LazyData' is specified without a 'data' directory
Flavors: r-devel-linux-x86_64-debian-clang, r-devel-linux-x86_64-debian-gcc, r-devel-linux-x86_64-fedora-clang, r-devel-linux-x86_64-fedora-gcc, r-devel-windows-x86_64, r-patched-linux-x86_64, r-release-linux-x86_64, r-release-macos-arm64, r-release-macos-x86_64, r-release-windows-x86_64, r-oldrel-macos-arm64, r-oldrel-macos-x86_64, r-oldrel-windows-x86_64