CRAN Package Check Results for Package cimir

Last updated on 2023-02-05 14:51:21 CET.

Flavor Version Tinstall Tcheck Ttotal Status Flags
r-devel-linux-x86_64-debian-clang 0.4-1 6.04 50.42 56.46 NOTE
r-devel-linux-x86_64-debian-gcc 0.4-1 3.88 38.02 41.90 NOTE
r-devel-linux-x86_64-fedora-clang 0.4-1 78.69 NOTE
r-devel-linux-x86_64-fedora-gcc 0.4-1 79.97 NOTE
r-devel-windows-x86_64 0.4-1 17.00 88.00 105.00 NOTE
r-patched-linux-x86_64 0.4-1 5.55 50.53 56.08 NOTE
r-release-linux-x86_64 0.4-1 5.84 50.12 55.96 NOTE
r-release-macos-arm64 0.4-1 28.00 NOTE
r-release-macos-x86_64 0.4-1 45.00 NOTE
r-release-windows-x86_64 0.4-1 27.00 92.00 119.00 NOTE
r-oldrel-macos-arm64 0.4-1 33.00 NOTE
r-oldrel-macos-x86_64 0.4-1 40.00 NOTE
r-oldrel-windows-ix86+x86_64 0.4-1 13.00 76.00 89.00 NOTE

Check Details

Version: 0.4-1
Check: LazyData
Result: NOTE
     'LazyData' is specified without a 'data' directory
Flavors: r-devel-linux-x86_64-debian-clang, r-devel-linux-x86_64-debian-gcc, r-devel-linux-x86_64-fedora-clang, r-devel-linux-x86_64-fedora-gcc, r-devel-windows-x86_64, r-patched-linux-x86_64, r-release-linux-x86_64, r-release-macos-arm64, r-release-macos-x86_64, r-release-windows-x86_64, r-oldrel-macos-arm64, r-oldrel-macos-x86_64, r-oldrel-windows-ix86+x86_64