CRAN Package Check Results for Package cin

Last updated on 2020-02-23 05:46:26 CET.

Flavor Version Tinstall Tcheck Ttotal Status Flags
r-devel-linux-x86_64-debian-clang 0.1 1.86 17.55 19.41 NOTE
r-devel-linux-x86_64-debian-gcc 0.1 1.46 14.01 15.47 NOTE
r-devel-linux-x86_64-fedora-clang 0.1 24.33 NOTE
r-devel-linux-x86_64-fedora-gcc 0.1 23.74 NOTE
r-devel-windows-ix86+x86_64 0.1 4.00 28.00 32.00 NOTE
r-devel-windows-ix86+x86_64-gcc8 0.1 6.00 39.00 45.00 NOTE
r-patched-linux-x86_64 0.1 NOTE
r-patched-solaris-x86 0.1 39.60 NOTE
r-release-linux-x86_64 0.1 1.43 16.11 17.54 NOTE
r-release-windows-ix86+x86_64 0.1 4.00 34.00 38.00 NOTE
r-release-osx-x86_64 0.1 NOTE
r-oldrel-windows-ix86+x86_64 0.1 2.00 24.00 26.00 NOTE
r-oldrel-osx-x86_64 0.1 NOTE

Check Details

Version: 0.1
Check: R code for possible problems
Result: NOTE
    cin: no visible global function definition for 'pnorm'
    gammaHRF: no visible global function definition for 'dgamma'
    intertest: no visible global function definition for 'pnorm'
    truncSum: no visible global function definition for 'spline'
    Undefined global functions or variables:
     dgamma pnorm spline
    Consider adding
     importFrom("stats", "dgamma", "pnorm", "spline")
    to your NAMESPACE file.
Flavors: r-devel-linux-x86_64-debian-clang, r-devel-linux-x86_64-debian-gcc, r-devel-linux-x86_64-fedora-clang, r-devel-linux-x86_64-fedora-gcc, r-devel-windows-ix86+x86_64, r-devel-windows-ix86+x86_64-gcc8, r-patched-linux-x86_64, r-patched-solaris-x86, r-release-linux-x86_64, r-release-windows-ix86+x86_64, r-release-osx-x86_64, r-oldrel-windows-ix86+x86_64, r-oldrel-osx-x86_64