CRAN Package Check Results for Package cinaR

Last updated on 2021-01-21 06:49:38 CET.

Flavor Version Tinstall Tcheck Ttotal Status Flags
r-devel-linux-x86_64-debian-clang 0.2.0 6.96 135.10 142.06 OK
r-devel-linux-x86_64-debian-gcc 0.2.0 6.23 103.12 109.35 OK
r-devel-linux-x86_64-fedora-clang 0.2.0 180.46 OK
r-devel-linux-x86_64-fedora-gcc 0.2.0 170.76 OK
r-devel-windows-ix86+x86_64 0.2.0 13.00 148.00 161.00 OK
r-patched-linux-x86_64 0.2.0 4.68 132.57 137.25 OK
r-patched-solaris-x86 0.2.0 270.40 OK
r-release-linux-x86_64 0.2.0 4.55 133.03 137.58 OK
r-release-macos-x86_64 0.2.0 ERROR
r-release-windows-ix86+x86_64 0.2.0 21.00 172.00 193.00 OK
r-oldrel-macos-x86_64 0.2.0 ERROR
r-oldrel-windows-ix86+x86_64 0.2.0 9.00 106.00 115.00 OK

Check Details

Version: 0.2.0
Check: package dependencies
Result: ERROR
    Packages required but not available:
     'ChIPseeker', 'fgsea', 'TxDb.Hsapiens.UCSC.hg38.knownGene'
    
    See section ‘The DESCRIPTION file’ in the ‘Writing R Extensions’
    manual.
Flavor: r-release-macos-x86_64

Version: 0.2.0
Check: package dependencies
Result: ERROR
    Packages required but not available:
     'ChIPseeker', 'TxDb.Hsapiens.UCSC.hg38.knownGene',
     'TxDb.Hsapiens.UCSC.hg19.knownGene',
     'TxDb.Mmusculus.UCSC.mm10.knownGene'
    
    See section ‘The DESCRIPTION file’ in the ‘Writing R Extensions’
    manual.
Flavor: r-oldrel-macos-x86_64