CRAN Package Check Results for Package cit

Last updated on 2023-09-27 06:02:04 CEST.

Flavor Version Tinstall Tcheck Ttotal Status Flags
r-devel-linux-x86_64-debian-clang 2.3.1 14.71 35.49 50.20 NOTE
r-devel-linux-x86_64-debian-gcc 2.3.1 10.95 26.98 37.93 NOTE
r-devel-linux-x86_64-fedora-clang 2.3.1 69.96 NOTE
r-devel-linux-x86_64-fedora-gcc 2.3.1 62.86 NOTE
r-devel-windows-x86_64 2.3.1 13.00 69.00 82.00 NOTE
r-patched-linux-x86_64 2.3.1 13.91 33.96 47.87 NOTE
r-release-linux-x86_64 2.3.1 15.37 34.98 50.35 NOTE
r-release-macos-arm64 2.3.1 23.00 NOTE
r-release-macos-x86_64 2.3.1 39.00 NOTE
r-release-windows-x86_64 2.3.1 13.00 87.00 100.00 NOTE
r-oldrel-macos-arm64 2.3.1 24.00 OK
r-oldrel-macos-x86_64 2.3.1 32.00 OK
r-oldrel-windows-x86_64 2.3.1 21.00 80.00 101.00 OK

Check Details

Version: 2.3.1
Check: C++ specification
Result: NOTE
     Specified C++11: please drop specification unless essential
Flavors: r-devel-linux-x86_64-debian-clang, r-devel-linux-x86_64-debian-gcc, r-devel-linux-x86_64-fedora-clang, r-devel-linux-x86_64-fedora-gcc, r-devel-windows-x86_64, r-patched-linux-x86_64, r-release-linux-x86_64, r-release-macos-arm64, r-release-macos-x86_64, r-release-windows-x86_64