CRAN Package Check Results for Package citbcmst

Last updated on 2021-06-13 04:50:00 CEST.

Flavor Version Tinstall Tcheck Ttotal Status Flags
r-devel-linux-x86_64-debian-clang 1.0.4 2.87 51.34 54.21 NOTE
r-devel-linux-x86_64-debian-gcc 1.0.4 2.35 37.07 39.42 NOTE
r-devel-linux-x86_64-fedora-clang 1.0.4 72.90 NOTE
r-devel-linux-x86_64-fedora-gcc 1.0.4 62.41 NOTE
r-devel-windows-x86_64 1.0.4 5.00 57.00 62.00 NOTE
r-devel-windows-x86_64-gcc10-UCRT 1.0.4 NOTE
r-patched-linux-x86_64 1.0.4 2.74 49.03 51.77 NOTE
r-patched-solaris-x86 1.0.4 85.80 NOTE
r-release-linux-x86_64 1.0.4 2.90 48.44 51.34 NOTE
r-release-macos-arm64 1.0.4 NOTE
r-release-macos-x86_64 1.0.4 NOTE
r-release-windows-ix86+x86_64 1.0.4 5.00 50.00 55.00 NOTE
r-oldrel-macos-x86_64 1.0.4 NOTE
r-oldrel-windows-ix86+x86_64 1.0.4 5.00 53.00 58.00 NOTE

Check Details

Version: 1.0.4
Check: R code for possible problems
Result: NOTE
    cit.assignBcmst: no visible binding for global variable 'citbcmst'
    cit.assignBcmst : <anonymous>: no visible global function definition
     for 'median'
    cit.assignBcmst: no visible global function definition for 'prcomp'
    cit.assignBcmst: no visible global function definition for 'par'
    cit.assignBcmst: no visible global function definition for 'lines'
    cit.assignBcmst: no visible global function definition for 'legend'
    cit.centroids : <anonymous>: no visible global function definition for
     'median'
    cit.centroids : <anonymous>: no visible global function definition for
     'var'
    cit.dist: no visible global function definition for 'dist'
    cit.dist: no visible global function definition for 'as.dist'
    cit.dist: no visible global function definition for 'cor'
    cit.distToCentroids: no visible global function definition for
     'quantile'
    cit.distToCentroids : <anonymous>: no visible global function
     definition for 'median'
    cit.distToCentroids : <anonymous>: no visible global function
     definition for 'mad'
    Undefined global functions or variables:
     as.dist citbcmst cor dist legend lines mad median par prcomp quantile
     var
    Consider adding
     importFrom("graphics", "legend", "lines", "par")
     importFrom("stats", "as.dist", "cor", "dist", "mad", "median",
     "prcomp", "quantile", "var")
    to your NAMESPACE file.
Flavors: r-devel-linux-x86_64-debian-clang, r-devel-linux-x86_64-debian-gcc, r-devel-linux-x86_64-fedora-clang, r-devel-linux-x86_64-fedora-gcc, r-devel-windows-x86_64, r-devel-windows-x86_64-gcc10-UCRT, r-patched-linux-x86_64, r-patched-solaris-x86, r-release-linux-x86_64, r-release-macos-arm64, r-release-macos-x86_64, r-release-windows-ix86+x86_64, r-oldrel-macos-x86_64, r-oldrel-windows-ix86+x86_64